CRAN Package Check Results for Package chorrrds

Last updated on 2021-04-15 09:49:54 CEST.

Flavor Version Tinstall Tcheck Ttotal Status Flags
r-devel-linux-x86_64-debian-clang 0.1.9.5 6.58 46.29 52.87 OK
r-devel-linux-x86_64-debian-gcc 0.1.9.5 7.16 37.95 45.11 OK
r-devel-linux-x86_64-fedora-clang 0.1.9.5 76.27 NOTE
r-devel-linux-x86_64-fedora-gcc 0.1.9.5 64.91 NOTE
r-devel-windows-ix86+x86_64 0.1.9.5 16.00 68.00 84.00 OK
r-devel-windows-x86_64-gcc10-UCRT 0.1.9.5 NOTE
r-patched-linux-x86_64 0.1.9.5 8.20 44.48 52.68 OK
r-patched-solaris-x86 0.1.9.5 109.10 NOTE
r-release-linux-x86_64 0.1.9.5 7.10 44.56 51.66 OK
r-release-macos-x86_64 0.1.9.5 NOTE
r-release-windows-ix86+x86_64 0.1.9.5 25.00 58.00 83.00 OK
r-oldrel-macos-x86_64 0.1.9.5 NOTE
r-oldrel-windows-ix86+x86_64 0.1.9.5 10.00 48.00 58.00 OK

Check Details

Version: 0.1.9.5
Check: dependencies in R code
Result: NOTE
    Namespace in Imports field not imported from: ‘forcats’
     All declared Imports should be used.
Flavors: r-devel-linux-x86_64-fedora-clang, r-devel-linux-x86_64-fedora-gcc, r-devel-windows-x86_64-gcc10-UCRT, r-patched-solaris-x86, r-release-macos-x86_64, r-oldrel-macos-x86_64

Version: 0.1.9.5
Check: data for non-ASCII characters
Result: NOTE
     Note: found 4004 marked UTF-8 strings
Flavors: r-devel-linux-x86_64-fedora-clang, r-devel-linux-x86_64-fedora-gcc, r-devel-windows-x86_64-gcc10-UCRT, r-patched-solaris-x86, r-release-macos-x86_64, r-oldrel-macos-x86_64