CRAN Package Check Results for Package cherry

Last updated on 2020-02-21 17:47:42 CET.

Flavor Version Tinstall Tcheck Ttotal Status Flags
r-devel-linux-x86_64-debian-clang 0.6-13 10.27 97.37 107.64 OK
r-devel-linux-x86_64-debian-gcc 0.6-13 8.49 75.06 83.55 OK
r-devel-linux-x86_64-fedora-clang 0.6-13 131.80 OK
r-devel-linux-x86_64-fedora-gcc 0.6-13 131.37 OK
r-devel-windows-ix86+x86_64 0.6-13 19.00 99.00 118.00 OK
r-devel-windows-ix86+x86_64-gcc8 0.6-13 27.00 140.00 167.00 OK
r-patched-linux-x86_64 0.6-13 10.33 87.52 97.85 OK
r-patched-solaris-x86 0.6-13 188.60 OK
r-release-linux-x86_64 0.6-13 9.00 85.45 94.45 OK
r-release-windows-ix86+x86_64 0.6-13 15.00 106.00 121.00 OK
r-release-osx-x86_64 0.6-13 NOTE
r-oldrel-windows-ix86+x86_64 0.6-13 12.00 99.00 111.00 OK
r-oldrel-osx-x86_64 0.6-13 OK

Check Details

Version: 0.6-13
Check: package dependencies
Result: NOTE
    Package suggested but not available for checking: ‘multtest’
Flavor: r-release-osx-x86_64