CRAN Package Check Results for Package chemmodlab

Last updated on 2020-04-09 14:51:15 CEST.

Flavor Version Tinstall Tcheck Ttotal Status Flags
r-devel-linux-x86_64-debian-clang 1.0.0 4.66 44.80 49.46 OK
r-devel-linux-x86_64-debian-gcc 1.0.0 3.94 35.40 39.34 OK
r-devel-linux-x86_64-fedora-clang 1.0.0 60.33 NOTE
r-devel-linux-x86_64-fedora-gcc 1.0.0 63.60 NOTE
r-devel-windows-ix86+x86_64 1.0.0 13.00 63.00 76.00 OK
r-devel-windows-ix86+x86_64-gcc8 1.0.0 10.00 56.00 66.00 OK
r-patched-linux-x86_64 1.0.0 4.72 43.73 48.45 OK
r-patched-osx-x86_64 1.0.0 NOTE
r-patched-solaris-x86 1.0.0 88.00 NOTE
r-release-linux-x86_64 1.0.0 4.90 40.35 45.25 OK
r-release-windows-ix86+x86_64 1.0.0 7.00 67.00 74.00 OK
r-release-osx-x86_64 1.0.0 NOTE
r-oldrel-windows-ix86+x86_64 1.0.0 8.00 77.00 85.00 OK
r-oldrel-osx-x86_64 1.0.0 NOTE

Check Details

Version: 1.0.0
Check: dependencies in R code
Result: NOTE
    Namespaces in Imports field not imported from:
     ‘datasets’ ‘foreach’
     All declared Imports should be used.
Flavors: r-devel-linux-x86_64-fedora-clang, r-devel-linux-x86_64-fedora-gcc, r-patched-osx-x86_64, r-patched-solaris-x86, r-release-osx-x86_64, r-oldrel-osx-x86_64