CRAN Package Check Results for Package ceterisParibus

Last updated on 2021-06-14 08:49:32 CEST.

Flavor Version Tinstall Tcheck Ttotal Status Flags
r-devel-linux-x86_64-debian-clang 0.4.2 5.24 57.88 63.12 NOTE
r-devel-linux-x86_64-debian-gcc 0.4.2 4.06 44.50 48.56 NOTE
r-devel-linux-x86_64-fedora-clang 0.4.2 86.03 NOTE
r-devel-linux-x86_64-fedora-gcc 0.4.2 76.51 NOTE
r-devel-windows-x86_64 0.4.2 10.00 80.00 90.00 NOTE
r-devel-windows-x86_64-gcc10-UCRT 0.4.2 ERROR
r-patched-linux-x86_64 0.4.2 4.74 54.65 59.39 NOTE
r-patched-solaris-x86 0.4.2 109.10 NOTE
r-release-linux-x86_64 0.4.2 3.47 54.98 58.45 NOTE
r-release-macos-arm64 0.4.2 NOTE
r-release-macos-x86_64 0.4.2 NOTE
r-release-windows-ix86+x86_64 0.4.2 20.00 77.00 97.00 NOTE
r-oldrel-macos-x86_64 0.4.2 NOTE
r-oldrel-windows-ix86+x86_64 0.4.2 16.00 82.00 98.00 OK

Check Details

Version: 0.4.2
Check: LazyData
Result: NOTE
     'LazyData' is specified without a 'data' directory
Flavors: r-devel-linux-x86_64-debian-clang, r-devel-linux-x86_64-debian-gcc, r-devel-linux-x86_64-fedora-clang, r-devel-linux-x86_64-fedora-gcc, r-devel-windows-x86_64, r-devel-windows-x86_64-gcc10-UCRT, r-patched-linux-x86_64, r-patched-solaris-x86, r-release-linux-x86_64, r-release-macos-arm64, r-release-macos-x86_64, r-release-windows-ix86+x86_64

Version: 0.4.2
Check: dependencies in R code
Result: NOTE
    Namespace in Imports field not imported from: ‘knitr’
     All declared Imports should be used.
Flavors: r-devel-linux-x86_64-fedora-clang, r-devel-linux-x86_64-fedora-gcc, r-devel-windows-x86_64-gcc10-UCRT, r-patched-solaris-x86, r-release-macos-arm64, r-release-macos-x86_64, r-oldrel-macos-x86_64

Version: 0.4.2
Check: package dependencies
Result: NOTE
    Package suggested but not available for checking: 'ggiraph'
Flavor: r-devel-windows-x86_64-gcc10-UCRT

Version: 0.4.2
Check: tests
Result: ERROR
     Running 'testthat.R'
    Running the tests in 'tests/testthat.R' failed.
    Last 13 lines of output:
     1001.1 construction.year 1001
     1001.2 construction.year 1001
     1001.3 construction.year 1001
     1001.4 construction.year 1001
     1001.5 construction.year 1001
     == Failed tests ================================================================
     -- Error (test_plot_interactive_what_if.R:3:1): (code run outside of `test_that()`) --
     Error: there is no package called 'ggiraph'
     Backtrace:
     x
     1. \-base::library("ggiraph") test_plot_interactive_what_if.R:3:0
    
     [ FAIL 1 | WARN 0 | SKIP 0 | PASS 29 ]
     Error: Test failures
     Execution halted
Flavor: r-devel-windows-x86_64-gcc10-UCRT