CRAN Package Check Results for Package cellWise

Last updated on 2021-04-15 09:49:54 CEST.

Flavor Version Tinstall Tcheck Ttotal Status Flags
r-devel-linux-x86_64-debian-clang 2.2.5 122.61 248.82 371.43 OK
r-devel-linux-x86_64-debian-gcc 2.2.5 79.59 179.51 259.10 OK
r-devel-linux-x86_64-fedora-clang 2.2.5 476.11 NOTE
r-devel-linux-x86_64-fedora-gcc 2.2.5 703.86 OK
r-devel-windows-ix86+x86_64 2.2.5 265.00 317.00 582.00 NOTE
r-devel-windows-x86_64-gcc10-UCRT 2.2.5 OK
r-patched-linux-x86_64 2.2.5 93.86 236.15 330.01 OK
r-patched-solaris-x86 2.2.5 518.90 NOTE
r-release-linux-x86_64 2.2.5 95.71 237.67 333.38 OK
r-release-macos-x86_64 2.2.5 NOTE
r-release-windows-ix86+x86_64 2.2.5 236.00 318.00 554.00 NOTE
r-oldrel-macos-x86_64 2.2.5 NOTE
r-oldrel-windows-ix86+x86_64 2.2.5 232.00 227.00 459.00 NOTE

Check Details

Version: 2.2.5
Check: installed package size
Result: NOTE
     installed size is 13.8Mb
     sub-directories of 1Mb or more:
     data 3.1Mb
     doc 2.1Mb
     libs 8.3Mb
Flavors: r-devel-linux-x86_64-fedora-clang, r-devel-windows-ix86+x86_64, r-patched-solaris-x86, r-release-macos-x86_64, r-release-windows-ix86+x86_64, r-oldrel-macos-x86_64, r-oldrel-windows-ix86+x86_64