CRAN Package Check Results for Package cccp

Last updated on 2021-06-22 09:51:30 CEST.

Flavor Version Tinstall Tcheck Ttotal Status Flags
r-devel-linux-x86_64-debian-clang 0.2-7 246.72 63.06 309.78 OK
r-devel-linux-x86_64-debian-gcc 0.2-7 172.16 47.54 219.70 OK
r-devel-linux-x86_64-fedora-clang 0.2-7 446.23 NOTE
r-devel-linux-x86_64-fedora-gcc 0.2-7 403.42 OK
r-devel-windows-x86_64 0.2-7 261.00 91.00 352.00 OK
r-devel-windows-x86_64-gcc10-UCRT 0.2-7 OK
r-patched-linux-x86_64 0.2-7 195.36 61.15 256.51 OK
r-patched-solaris-x86 0.2-7 348.70 OK
r-release-linux-x86_64 0.2-7 197.22 60.85 258.07 OK
r-release-macos-arm64 0.2-7 NOTE
r-release-macos-x86_64 0.2-7 NOTE
r-release-windows-ix86+x86_64 0.2-7 528.00 101.00 629.00 OK
r-oldrel-macos-x86_64 0.2-7 NOTE

Check Details

Version: 0.2-7
Check: installed package size
Result: NOTE
     installed size is 17.9Mb
     sub-directories of 1Mb or more:
     libs 17.5Mb
Flavors: r-devel-linux-x86_64-fedora-clang, r-release-macos-arm64, r-release-macos-x86_64, r-oldrel-macos-x86_64