CRAN Package Check Results for Package cbq

Last updated on 2020-03-30 20:48:23 CEST.

Flavor Version Tinstall Tcheck Ttotal Status Flags
r-devel-linux-x86_64-debian-clang 0.1.0.0 1546.67 142.20 1688.87 NOTE
r-devel-linux-x86_64-debian-gcc 0.1.0.0 1242.38 158.91 1401.29 NOTE
r-devel-linux-x86_64-fedora-clang 0.1.0.0 2428.13 NOTE
r-devel-linux-x86_64-fedora-gcc 0.1.0.0 2765.19 NOTE
r-devel-windows-ix86+x86_64 0.1.0.0 2402.00 277.00 2679.00 NOTE
r-devel-windows-ix86+x86_64-gcc8 0.1.0.0 2625.00 298.00 2923.00 NOTE
r-patched-linux-x86_64 0.1.0.0 1342.79 203.26 1546.05 NOTE
r-patched-solaris-x86 0.1.0.0 1956.90 NOTE
r-release-linux-x86_64 0.1.0.0 1340.14 170.67 1510.81 NOTE
r-release-windows-ix86+x86_64 0.1.0.0 196.00 8.00 204.00 ERROR
r-release-osx-x86_64 0.1.0.0 NOTE
r-oldrel-windows-ix86+x86_64 0.1.0.0 645.00 7.00 652.00 ERROR
r-oldrel-osx-x86_64 0.1.0.0 NOTE

Check Details

Version: 0.1.0.0
Check: for GNU extensions in Makefiles
Result: NOTE
    GNU make is a SystemRequirements.
Flavors: r-devel-linux-x86_64-debian-clang, r-devel-linux-x86_64-debian-gcc, r-devel-linux-x86_64-fedora-clang, r-devel-linux-x86_64-fedora-gcc, r-devel-windows-ix86+x86_64, r-devel-windows-ix86+x86_64-gcc8, r-patched-linux-x86_64, r-patched-solaris-x86, r-release-linux-x86_64, r-release-osx-x86_64, r-oldrel-osx-x86_64

Version: 0.1.0.0
Check: installed package size
Result: NOTE
     installed size is 217.4Mb
     sub-directories of 1Mb or more:
     libs 216.9Mb
Flavors: r-devel-linux-x86_64-fedora-clang, r-devel-windows-ix86+x86_64, r-devel-windows-ix86+x86_64-gcc8, r-patched-solaris-x86, r-release-osx-x86_64, r-oldrel-osx-x86_64

Version: 0.1.0.0
Check: whether package can be installed
Result: ERROR
    Installation failed.
Flavors: r-release-windows-ix86+x86_64, r-oldrel-windows-ix86+x86_64