CRAN Package Check Results for Package casen

Last updated on 2021-04-15 09:49:54 CEST.

Flavor Version Tinstall Tcheck Ttotal Status Flags
r-devel-linux-x86_64-debian-clang 0.1.4 10.79 119.21 130.00 OK
r-devel-linux-x86_64-debian-gcc 0.1.4 8.30 89.54 97.84 OK
r-devel-linux-x86_64-fedora-clang 0.1.4 168.18 NOTE
r-devel-linux-x86_64-fedora-gcc 0.1.4 154.23 NOTE
r-devel-windows-ix86+x86_64 0.1.4 25.00 152.00 177.00 OK
r-devel-windows-x86_64-gcc10-UCRT 0.1.4 NOTE
r-patched-linux-x86_64 0.1.4 9.18 113.64 122.82 OK
r-patched-solaris-x86 0.1.4 211.30 NOTE
r-release-linux-x86_64 0.1.4 9.67 114.08 123.75 OK
r-release-macos-x86_64 0.1.4 NOTE
r-release-windows-ix86+x86_64 0.1.4 26.00 160.00 186.00 OK
r-oldrel-macos-x86_64 0.1.4 NOTE
r-oldrel-windows-ix86+x86_64 0.1.4 15.00 113.00 128.00 OK

Check Details

Version: 0.1.4
Check: dependencies in R code
Result: NOTE
    Namespaces in Imports field not imported from:
     ‘janitor’ ‘tibble’
     All declared Imports should be used.
Flavors: r-devel-linux-x86_64-fedora-clang, r-devel-linux-x86_64-fedora-gcc, r-devel-windows-x86_64-gcc10-UCRT, r-patched-solaris-x86, r-release-macos-x86_64, r-oldrel-macos-x86_64

Version: 0.1.4
Check: data for non-ASCII characters
Result: NOTE
     Note: found 75 marked UTF-8 strings
Flavors: r-devel-linux-x86_64-fedora-clang, r-devel-linux-x86_64-fedora-gcc, r-devel-windows-x86_64-gcc10-UCRT, r-patched-solaris-x86, r-release-macos-x86_64, r-oldrel-macos-x86_64