CRAN Package Check Results for Package candisc

Last updated on 2020-07-06 21:50:11 CEST.

Flavor Version Tinstall Tcheck Ttotal Status Flags
r-devel-linux-x86_64-debian-clang 0.8-3 7.26 64.85 72.11 OK
r-devel-linux-x86_64-debian-gcc 0.8-3 5.27 49.08 54.35 OK
r-devel-linux-x86_64-fedora-clang 0.8-3 91.27 NOTE
r-devel-linux-x86_64-fedora-gcc 0.8-3 85.19 OK
r-devel-windows-ix86+x86_64 0.8-3 23.00 125.00 148.00 OK
r-patched-linux-x86_64 0.8-3 6.39 62.73 69.12 OK
r-patched-solaris-x86 0.8-3 115.30 OK
r-release-linux-x86_64 0.8-3 6.56 62.44 69.00 OK
r-release-osx-x86_64 0.8-3 OK
r-release-windows-ix86+x86_64 0.8-3 17.00 68.00 85.00 OK
r-oldrel-osx-x86_64 0.8-3 OK
r-oldrel-windows-ix86+x86_64 0.8-3 26.00 126.00 152.00 OK

Check Details

Version: 0.8-3
Check: Rd cross-references
Result: NOTE
    Undeclared packages ‘yacca’, ‘CCA’ in Rd xrefs
Flavor: r-devel-linux-x86_64-fedora-clang