CRAN Package Check Results for Package camtrapR

Last updated on 2020-02-27 17:50:50 CET.

Flavor Version Tinstall Tcheck Ttotal Status Flags
r-devel-linux-x86_64-debian-clang 1.2.3 21.47 196.00 217.47 OK
r-devel-linux-x86_64-debian-gcc 1.2.3 17.65 149.97 167.62 OK
r-devel-linux-x86_64-fedora-clang 1.2.3 267.15 WARN
r-devel-linux-x86_64-fedora-gcc 1.2.3 266.52 WARN
r-devel-windows-ix86+x86_64 1.2.3 35.00 213.00 248.00 OK
r-devel-windows-ix86+x86_64-gcc8 1.2.3 36.00 214.00 250.00 OK
r-patched-linux-x86_64 1.2.3 17.12 174.09 191.21 OK
r-patched-solaris-x86 1.2.3 243.90 OK --no-vignettes
r-release-linux-x86_64 1.2.3 16.06 175.27 191.33 OK
r-release-windows-ix86+x86_64 1.2.3 31.00 191.00 222.00 OK
r-release-osx-x86_64 1.2.3 WARN
r-oldrel-windows-ix86+x86_64 1.2.3 24.00 156.00 180.00 WARN
r-oldrel-osx-x86_64 1.2.3 WARN

Check Details

Version: 1.2.3
Check: whether package can be installed
Result: WARN
    Found the following significant warnings:
     Warning: namespace ‘rgdal’ is not available and has been replaced
Flavors: r-devel-linux-x86_64-fedora-clang, r-devel-linux-x86_64-fedora-gcc

Version: 1.2.3
Check: re-building of vignette outputs
Result: WARN
    Error(s) in re-building vignettes:
    --- re-building ‘DataExploration.Rmd’ using rmarkdown
    Warning in engine$weave(file, quiet = quiet, encoding = enc) :
     Pandoc (>= 1.12.3) and/or pandoc-citeproc not available. Falling back to R Markdown v1.
    Loading required package: sp
    rgdal: version: 1.4-8, (SVN revision 845)
     Geospatial Data Abstraction Library extensions to R successfully loaded
     Loaded GDAL runtime: GDAL 2.4.2, released 2019/06/28
     Path to GDAL shared files: /Volumes/SSD-Data/Builds/R-dev-web/QA/Simon/packages/el-capitan-x86_64/Rlib/3.6/rgdal/gdal
     GDAL binary built with GEOS: FALSE
     Loaded PROJ.4 runtime: Rel. 5.2.0, September 15th, 2018, [PJ_VERSION: 520]
     Path to PROJ.4 shared files: /Volumes/SSD-Data/Builds/R-dev-web/QA/Simon/packages/el-capitan-x86_64/Rlib/3.6/rgdal/proj
     Linking to sp version: 1.3-2
    --- finished re-building ‘DataExploration.Rmd’
    
    --- re-building ‘DataExtraction.Rmd’ using rmarkdown
    Warning in engine$weave(file, quiet = quiet, encoding = enc) :
     Pandoc (>= 1.12.3) and/or pandoc-citeproc not available. Falling back to R Markdown v1.
    This is secr 4.1.0. For overview type ?secr
    Quitting from lines 51-55 (DataExtraction.Rmd)
    Error: processing vignette 'DataExtraction.Rmd' failed with diagnostics:
    cannot find ExifTool
    --- failed re-building ‘DataExtraction.Rmd’
    
    --- re-building ‘ImageOrganisation.Rmd’ using rmarkdown
    Warning in engine$weave(file, quiet = quiet, encoding = enc) :
     Pandoc (>= 1.12.3) and/or pandoc-citeproc not available. Falling back to R Markdown v1.
    Quitting from lines 235-250 (ImageOrganisation.Rmd)
    Error: processing vignette 'ImageOrganisation.Rmd' failed with diagnostics:
    cannot find ExifTool
    --- failed re-building ‘ImageOrganisation.Rmd’
    
    --- re-building ‘SpeciesIndividualIdentification.Rmd’ using rmarkdown
    Warning in engine$weave(file, quiet = quiet, encoding = enc) :
     Pandoc (>= 1.12.3) and/or pandoc-citeproc not available. Falling back to R Markdown v1.
    Quitting from lines 346-354 (SpeciesIndividualIdentification.Rmd)
    Error: processing vignette 'SpeciesIndividualIdentification.Rmd' failed with diagnostics:
    cannot find ExifTool
    --- failed re-building ‘SpeciesIndividualIdentification.Rmd’
    
    SUMMARY: processing the following files failed:
     ‘DataExtraction.Rmd’ ‘ImageOrganisation.Rmd’
     ‘SpeciesIndividualIdentification.Rmd’
    
    Error: Vignette re-building failed.
    Execution halted
Flavor: r-release-osx-x86_64

Version: 1.2.3
Check: re-building of vignette outputs
Result: WARN
    Error in re-building vignettes:
     ...
    Loading required package: sp
    rgdal: version: 1.4-8, (SVN revision 845)
     Geospatial Data Abstraction Library extensions to R successfully loaded
     Loaded GDAL runtime: GDAL 2.2.3, released 2017/11/20
     Path to GDAL shared files: D:/temp/RtmpCAukns/RLIBS_573865827385/rgdal/gdal
     GDAL binary built with GEOS: TRUE
     Loaded PROJ.4 runtime: Rel. 4.9.3, 15 August 2016, [PJ_VERSION: 493]
     Path to PROJ.4 shared files: D:/temp/RtmpCAukns/RLIBS_573865827385/rgdal/proj
     Linking to sp version: 1.4-0
    This is secr 4.2.0. For overview type ?secr
    
    Attaching package: 'secr'
    
    The following objects are masked from 'package:raster':
    
     flip, rotate, shift, trim
    
    Quitting from lines 278-279 (DataExtraction.Rmd)
    Error: processing vignette 'DataExtraction.Rmd' failed with diagnostics:
    could not find function "hcl.colors"
    Execution halted
Flavor: r-oldrel-windows-ix86+x86_64

Version: 1.2.3
Check: re-building of vignette outputs
Result: WARN
    Error in re-building vignettes:
     ...
    Warning in engine$weave(file, quiet = quiet, encoding = enc) :
     Pandoc (>= 1.12.3) and/or pandoc-citeproc not available. Falling back to R Markdown v1.
    Loading required package: sp
    rgdal: version: 1.4-8, (SVN revision 845)
     Geospatial Data Abstraction Library extensions to R successfully loaded
     Loaded GDAL runtime: GDAL 2.4.2, released 2019/06/28
     Path to GDAL shared files: /Volumes/SSD-Data/Builds/R-dev-web/QA/Simon/packages/el-capitan-x86_64/Rlib/3.5/rgdal/gdal
     GDAL binary built with GEOS: FALSE
     Loaded PROJ.4 runtime: Rel. 5.2.0, September 15th, 2018, [PJ_VERSION: 520]
     Path to PROJ.4 shared files: /Volumes/SSD-Data/Builds/R-dev-web/QA/Simon/packages/el-capitan-x86_64/Rlib/3.5/rgdal/proj
     Linking to sp version: 1.3-2
    Warning in engine$weave(file, quiet = quiet, encoding = enc) :
     Pandoc (>= 1.12.3) and/or pandoc-citeproc not available. Falling back to R Markdown v1.
    This is secr 4.1.0. For overview type ?secr
    
    Attaching package: 'secr'
    
    The following objects are masked from 'package:raster':
    
     flip, rotate, shift, trim
    
    Quitting from lines 51-55 (DataExtraction.Rmd)
    Error: processing vignette 'DataExtraction.Rmd' failed with diagnostics:
    cannot find ExifTool
    Execution halted
Flavor: r-oldrel-osx-x86_64