CRAN Package Check Results for Package calibrate

Last updated on 2021-04-15 09:49:53 CEST.

Flavor Version Tinstall Tcheck Ttotal Status Flags
r-devel-linux-x86_64-debian-clang 1.7.7 3.12 35.79 38.91 OK
r-devel-linux-x86_64-debian-gcc 1.7.7 2.37 28.39 30.76 OK
r-devel-linux-x86_64-fedora-clang 1.7.7 56.62 OK
r-devel-linux-x86_64-fedora-gcc 1.7.7 46.48 OK
r-devel-windows-ix86+x86_64 1.7.7 6.00 56.00 62.00 OK
r-devel-windows-x86_64-gcc10-UCRT 1.7.7 OK
r-patched-linux-x86_64 1.7.7 3.09 34.28 37.37 OK
r-patched-solaris-x86 1.7.7 69.50 OK
r-release-linux-x86_64 1.7.7 3.12 35.00 38.12 OK
r-release-macos-x86_64 1.7.7 OK
r-release-windows-ix86+x86_64 1.7.7 6.00 59.00 65.00 OK
r-oldrel-macos-x86_64 1.7.7 NOTE
r-oldrel-windows-ix86+x86_64 1.7.7 5.00 43.00 48.00 NOTE

Check Details

Version: 1.7.7
Check: R code for possible problems
Result: NOTE
    bplot: no visible global function definition for ‘plot’
    Undefined global functions or variables:
     plot
    Consider adding
     importFrom("graphics", "plot")
    to your NAMESPACE file.
Flavors: r-oldrel-macos-x86_64, r-oldrel-windows-ix86+x86_64