CRAN Package Check Results for Package cSEM

Last updated on 2021-04-15 09:49:55 CEST.

Flavor Version Tinstall Tcheck Ttotal Status Flags
r-devel-linux-x86_64-debian-clang 0.3.1 17.40 156.30 173.70 OK
r-devel-linux-x86_64-debian-gcc 0.3.1 17.05 116.95 134.00 OK
r-devel-linux-x86_64-fedora-clang 0.3.1 210.77 NOTE
r-devel-linux-x86_64-fedora-gcc 0.3.1 203.14 NOTE
r-devel-windows-ix86+x86_64 0.3.1 29.00 182.00 211.00 OK
r-devel-windows-x86_64-gcc10-UCRT 0.3.1 NOTE
r-patched-linux-x86_64 0.3.1 17.36 145.92 163.28 OK
r-patched-solaris-x86 0.3.1 255.20 NOTE
r-release-linux-x86_64 0.3.1 20.39 146.13 166.52 OK
r-release-macos-x86_64 0.3.1 NOTE
r-release-windows-ix86+x86_64 0.3.1 30.00 185.00 215.00 OK
r-oldrel-macos-x86_64 0.3.1 NOTE
r-oldrel-windows-ix86+x86_64 0.3.1 26.00 126.00 152.00 OK

Check Details

Version: 0.3.1
Check: package dependencies
Result: NOTE
    Imports includes 21 non-default packages.
    Importing from so many packages makes the package vulnerable to any of
    them becoming unavailable. Move as many as possible to Suggests and
    use conditionally.
Flavor: r-devel-linux-x86_64-fedora-clang

Version: 0.3.1
Check: dependencies in R code
Result: NOTE
    Namespace in Imports field not imported from: ‘Rdpack’
     All declared Imports should be used.
Flavors: r-devel-linux-x86_64-fedora-clang, r-devel-linux-x86_64-fedora-gcc, r-devel-windows-x86_64-gcc10-UCRT, r-patched-solaris-x86, r-release-macos-x86_64, r-oldrel-macos-x86_64