CRAN Package Check Results for Package cIRT

Last updated on 2021-06-24 09:52:24 CEST.

Flavor Version Tinstall Tcheck Ttotal Status Flags
r-devel-linux-x86_64-debian-clang 1.3.1 87.42 563.24 650.66 OK
r-devel-linux-x86_64-debian-gcc 1.3.1 55.40 350.89 406.29 OK
r-devel-linux-x86_64-fedora-clang 1.3.1 710.39 OK
r-devel-linux-x86_64-fedora-gcc 1.3.1 607.87 OK
r-devel-windows-x86_64 1.3.1 101.00 444.00 545.00 OK
r-devel-windows-x86_64-gcc10-UCRT 1.3.1 NOTE
r-patched-linux-x86_64 1.3.1 68.92 446.68 515.60 OK
r-patched-solaris-x86 1.3.1 738.30 OK
r-release-linux-x86_64 1.3.1 67.53 459.82 527.35 OK
r-release-macos-arm64 1.3.1 NOTE
r-release-macos-x86_64 1.3.1 OK
r-release-windows-ix86+x86_64 1.3.1 195.00 474.00 669.00 OK
r-oldrel-macos-x86_64 1.3.1 OK

Check Details

Version: 1.3.1
Check: package dependencies
Result: NOTE
    Package suggested but not available for checking: 'covr'
Flavor: r-devel-windows-x86_64-gcc10-UCRT

Version: 1.3.1
Check: installed package size
Result: NOTE
     installed size is 5.7Mb
     sub-directories of 1Mb or more:
     libs 5.5Mb
Flavor: r-release-macos-arm64