CRAN Package Check Results for Package bucky

Last updated on 2021-04-15 09:49:53 CEST.

Flavor Version Tinstall Tcheck Ttotal Status Flags
r-devel-linux-x86_64-debian-clang 1.0.6 3.24 38.33 41.57 OK
r-devel-linux-x86_64-debian-gcc 1.0.6 2.60 28.91 31.51 OK
r-devel-linux-x86_64-fedora-clang 1.0.6 57.24 NOTE
r-devel-linux-x86_64-fedora-gcc 1.0.6 47.82 OK
r-devel-windows-ix86+x86_64 1.0.6 9.00 56.00 65.00 OK
r-devel-windows-x86_64-gcc10-UCRT 1.0.6 OK
r-patched-linux-x86_64 1.0.6 3.37 35.31 38.68 OK
r-patched-solaris-x86 1.0.6 73.10 OK
r-release-linux-x86_64 1.0.6 2.84 35.58 38.42 OK
r-release-macos-x86_64 1.0.6 OK
r-release-windows-ix86+x86_64 1.0.6 9.00 63.00 72.00 OK
r-oldrel-macos-x86_64 1.0.6 OK
r-oldrel-windows-ix86+x86_64 1.0.6 7.00 37.00 44.00 OK

Check Details

Version: 1.0.6
Check: Rd cross-references
Result: NOTE
    Undeclared package ‘mitools’ in Rd xrefs
Flavor: r-devel-linux-x86_64-fedora-clang