CRAN Package Check Results for Package bpgmm

Last updated on 2020-02-21 17:47:41 CET.

Flavor Version Tinstall Tcheck Ttotal Status Flags
r-devel-linux-x86_64-debian-clang 1.0.5 105.02 37.65 142.67 OK
r-devel-linux-x86_64-debian-gcc 1.0.5 73.91 29.57 103.48 OK
r-devel-linux-x86_64-fedora-clang 1.0.5 192.81 NOTE
r-devel-linux-x86_64-fedora-gcc 1.0.5 186.29 OK
r-devel-windows-ix86+x86_64 1.0.5 171.00 76.00 247.00 OK
r-devel-windows-ix86+x86_64-gcc8 1.0.5 273.00 113.00 386.00 OK
r-patched-linux-x86_64 1.0.5 83.87 34.30 118.17 OK
r-patched-solaris-x86 1.0.5 174.60 OK
r-release-linux-x86_64 1.0.5 88.60 34.59 123.19 OK
r-release-windows-ix86+x86_64 1.0.5 175.00 80.00 255.00 OK
r-release-osx-x86_64 1.0.5 NOTE
r-oldrel-windows-ix86+x86_64 1.0.5 178.00 70.00 248.00 OK
r-oldrel-osx-x86_64 1.0.5 NOTE

Check Details

Version: 1.0.5
Check: installed package size
Result: NOTE
     installed size is 6.0Mb
     sub-directories of 1Mb or more:
     libs 5.8Mb
Flavors: r-devel-linux-x86_64-fedora-clang, r-release-osx-x86_64, r-oldrel-osx-x86_64