CRAN Package Check Results for Package bnpsd

Last updated on 2021-06-14 08:49:31 CEST.

Flavor Version Tinstall Tcheck Ttotal Status Flags
r-devel-linux-x86_64-debian-clang 1.2.3 2.32 33.46 35.78 NOTE
r-devel-linux-x86_64-debian-gcc 1.2.3 2.06 25.48 27.54 NOTE
r-devel-linux-x86_64-fedora-clang 1.2.3 53.12 NOTE
r-devel-linux-x86_64-fedora-gcc 1.2.3 41.97 NOTE
r-devel-windows-x86_64 1.2.3 4.00 52.00 56.00 NOTE
r-devel-windows-x86_64-gcc10-UCRT 1.2.3 NOTE
r-patched-linux-x86_64 1.2.3 2.70 32.05 34.75 NOTE
r-patched-solaris-x86 1.2.3 62.00 NOTE
r-release-linux-x86_64 1.2.3 2.32 31.93 34.25 NOTE
r-release-macos-arm64 1.2.3 ERROR
r-release-macos-x86_64 1.2.3 NOTE
r-release-windows-ix86+x86_64 1.2.3 5.00 52.00 57.00 NOTE
r-oldrel-macos-x86_64 1.2.3 OK
r-oldrel-windows-ix86+x86_64 1.2.3 5.00 56.00 61.00 OK

Additional issues

M1mac

Check Details

Version: 1.2.3
Check: LazyData
Result: NOTE
     'LazyData' is specified without a 'data' directory
Flavors: r-devel-linux-x86_64-debian-clang, r-devel-linux-x86_64-debian-gcc, r-devel-linux-x86_64-fedora-clang, r-devel-linux-x86_64-fedora-gcc, r-devel-windows-x86_64, r-devel-windows-x86_64-gcc10-UCRT, r-patched-linux-x86_64, r-patched-solaris-x86, r-release-linux-x86_64, r-release-macos-arm64, r-release-macos-x86_64, r-release-windows-ix86+x86_64

Version: 1.2.3
Check: tests
Result: ERROR
     Running ‘testthat.R’ [1s/1s]
    Running the tests in ‘tests/testthat.R’ failed.
    Last 13 lines of output:
     > library(testthat)
     > library(bnpsd)
     >
     > test_check('bnpsd')
     ══ Failed tests ════════════════════════════════════════════════════════════════
     ── Error (test_bnpsd.R:329:5): bias_coeff_admix_fit agrees with reverse func ───
     Error: f() values at end points not of opposite sign
     Backtrace:
     █
     1. └─bnpsd:::bias_coeff_admix_fit(...) test_bnpsd.R:329:4
     2. └─stats::uniroot(...)
    
     [ FAIL 1 | WARN 0 | SKIP 0 | PASS 209 ]
     Error: Test failures
     Execution halted
Flavor: r-release-macos-arm64