CRAN Package Check Results for Package bnmonitor

Last updated on 2021-06-22 09:51:30 CEST.

Flavor Version Tinstall Tcheck Ttotal Status Flags
r-devel-linux-x86_64-debian-clang 0.1.0 19.32 153.89 173.21 OK
r-devel-linux-x86_64-debian-gcc 0.1.0 15.29 113.35 128.64 OK
r-devel-linux-x86_64-fedora-clang 0.1.0 212.07 NOTE
r-devel-linux-x86_64-fedora-gcc 0.1.0 202.79 NOTE
r-devel-windows-x86_64 0.1.0 25.00 167.00 192.00 OK
r-devel-windows-x86_64-gcc10-UCRT 0.1.0 ERROR
r-patched-linux-x86_64 0.1.0 14.25 144.28 158.53 OK
r-patched-solaris-x86 0.1.0 284.30 NOTE
r-release-linux-x86_64 0.1.0 20.38 145.34 165.72 OK
r-release-macos-arm64 0.1.0 ERROR
r-release-macos-x86_64 0.1.0 NOTE
r-release-windows-ix86+x86_64 0.1.0 36.00 176.00 212.00 OK
r-oldrel-macos-x86_64 0.1.0 NOTE

Check Details

Version: 0.1.0
Check: dependencies in R code
Result: NOTE
    Namespace in Imports field not imported from: ‘gridExtra’
     All declared Imports should be used.
Flavors: r-devel-linux-x86_64-fedora-clang, r-devel-linux-x86_64-fedora-gcc, r-patched-solaris-x86, r-release-macos-x86_64, r-oldrel-macos-x86_64

Version: 0.1.0
Check: package dependencies
Result: ERROR
    Packages required but not available: 'gRain', 'gRbase'
    
    Package suggested but not available for checking: 'covr'
    
    See section 'The DESCRIPTION file' in the 'Writing R Extensions'
    manual.
Flavor: r-devel-windows-x86_64-gcc10-UCRT

Version: 0.1.0
Check: package dependencies
Result: ERROR
    Packages required but not available: 'gRain', 'gRbase'
    
    See section ‘The DESCRIPTION file’ in the ‘Writing R Extensions’
    manual.
Flavor: r-release-macos-arm64