CRAN Package Check Results for Package bmlm

Last updated on 2020-02-21 17:47:41 CET.

Flavor Version Tinstall Tcheck Ttotal Status Flags
r-devel-linux-x86_64-debian-clang 1.3.11 138.54 75.21 213.75 NOTE
r-devel-linux-x86_64-debian-gcc 1.3.11 138.28 59.40 197.68 NOTE
r-devel-linux-x86_64-fedora-clang 1.3.11 301.75 NOTE
r-devel-linux-x86_64-fedora-gcc 1.3.11 331.57 NOTE
r-devel-windows-ix86+x86_64 1.3.11 215.00 134.00 349.00 NOTE
r-devel-windows-ix86+x86_64-gcc8 1.3.11 273.00 184.00 457.00 NOTE
r-patched-linux-x86_64 1.3.11 138.92 67.64 206.56 NOTE
r-patched-solaris-x86 1.3.11 288.50 NOTE
r-release-linux-x86_64 1.3.11 141.75 66.39 208.14 NOTE
r-release-windows-ix86+x86_64 1.3.11 224.00 122.00 346.00 NOTE
r-release-osx-x86_64 1.3.11 NOTE
r-oldrel-windows-ix86+x86_64 1.3.11 226.00 121.00 347.00 WARN
r-oldrel-osx-x86_64 1.3.11 NOTE

Check Details

Version: 1.3.11
Check: for GNU extensions in Makefiles
Result: NOTE
    GNU make is a SystemRequirements.
Flavors: r-devel-linux-x86_64-debian-clang, r-devel-linux-x86_64-debian-gcc, r-devel-linux-x86_64-fedora-clang, r-devel-linux-x86_64-fedora-gcc, r-devel-windows-ix86+x86_64, r-devel-windows-ix86+x86_64-gcc8, r-patched-linux-x86_64, r-patched-solaris-x86, r-release-linux-x86_64, r-release-windows-ix86+x86_64, r-release-osx-x86_64, r-oldrel-windows-ix86+x86_64, r-oldrel-osx-x86_64

Version: 1.3.11
Check: installed package size
Result: NOTE
     installed size is 33.8Mb
     sub-directories of 1Mb or more:
     libs 33.4Mb
Flavors: r-devel-linux-x86_64-fedora-clang, r-devel-windows-ix86+x86_64-gcc8, r-release-osx-x86_64, r-oldrel-osx-x86_64

Version: 1.3.11
Check: whether package can be installed
Result: WARN
    Found the following significant warnings:
     Warning: S3 methods '[.fun_list', '[.grouped_df', 'all.equal.tbl_df', 'anti_join.data.frame', 'anti_join.tbl_df', 'arrange.data.frame', 'arrange.default', 'arrange.grouped_df', 'arrange.tbl_df', 'arrange_.data.frame', 'arrange_.tbl_df', 'as.data.frame.grouped_df', 'as.data.frame.rowwise_df', 'as.data.frame.tbl_cube', 'as.table.tbl_cube', 'as.tbl.data.frame', 'as.tbl.tbl', 'as.tbl_cube.array', 'as.tbl_cube.data.frame', 'as.tbl_cube.matrix', 'as.tbl_cube.table', 'as_tibble.grouped_df', 'as_tibble.tbl_cube', 'auto_copy.tbl_cube', 'auto_copy.tbl_df', 'cbind.grouped_df', 'collapse.data.frame', 'collect.data.frame', 'common_by.NULL', 'common_by.character', 'common_by.default', 'common_by.list', 'compute.data.frame', 'copy_to.DBIConnection', 'copy_to.src_local', 'default_missing.data.frame', 'default_missing.default', 'dim.tbl_cube', 'distinct.data.frame', 'distinct.default', 'distinct.grouped_df', 'distinct.tbl_df', 'distinct_.data.frame', 'distinct_.grouped_df', 'distinct_.tbl_df', 'do.NULL', 'do.da [... truncated]
Flavor: r-oldrel-windows-ix86+x86_64