CRAN Package Check Results for Package blockForest

Last updated on 2020-02-24 20:47:13 CET.

Flavor Version Tinstall Tcheck Ttotal Status Flags
r-devel-linux-x86_64-debian-clang 0.2.4 96.15 99.63 195.78 OK
r-devel-linux-x86_64-debian-gcc 0.2.4 67.71 78.25 145.96 OK
r-devel-linux-x86_64-fedora-clang 0.2.4 264.74 NOTE
r-devel-linux-x86_64-fedora-gcc 0.2.4 244.47 OK
r-devel-windows-ix86+x86_64 0.2.4 180.00 140.00 320.00 OK
r-devel-windows-ix86+x86_64-gcc8 0.2.4 255.00 193.00 448.00 OK
r-patched-linux-x86_64 0.2.4 77.32 89.35 166.67 OK
r-patched-solaris-x86 0.2.4 719.60 OK
r-release-linux-x86_64 0.2.4 81.32 89.60 170.92 OK
r-release-windows-ix86+x86_64 0.2.4 182.00 131.00 313.00 OK
r-release-osx-x86_64 0.2.4 NOTE
r-oldrel-windows-ix86+x86_64 0.2.4 217.00 137.00 354.00 OK
r-oldrel-osx-x86_64 0.2.4 NOTE

Check Details

Version: 0.2.4
Check: installed package size
Result: NOTE
     installed size is 7.3Mb
     sub-directories of 1Mb or more:
     libs 6.9Mb
Flavors: r-devel-linux-x86_64-fedora-clang, r-release-osx-x86_64, r-oldrel-osx-x86_64