CRAN Package Check Results for Package bkmr

Last updated on 2021-04-15 09:49:53 CEST.

Flavor Version Tinstall Tcheck Ttotal Status Flags
r-devel-linux-x86_64-debian-clang 0.2.0 10.60 78.06 88.66 NOTE
r-devel-linux-x86_64-debian-gcc 0.2.0 9.28 60.11 69.39 NOTE
r-devel-linux-x86_64-fedora-clang 0.2.0 114.67 NOTE
r-devel-linux-x86_64-fedora-gcc 0.2.0 106.11 NOTE
r-devel-windows-ix86+x86_64 0.2.0 22.00 93.00 115.00 NOTE
r-devel-windows-x86_64-gcc10-UCRT 0.2.0 NOTE
r-patched-linux-x86_64 0.2.0 9.99 72.32 82.31 OK
r-patched-solaris-x86 0.2.0 148.20 OK
r-release-linux-x86_64 0.2.0 11.53 71.94 83.47 OK
r-release-macos-x86_64 0.2.0 OK
r-release-windows-ix86+x86_64 0.2.0 25.00 100.00 125.00 OK
r-oldrel-macos-x86_64 0.2.0 OK
r-oldrel-windows-ix86+x86_64 0.2.0 14.00 67.00 81.00 OK

Check Details

Version: 0.2.0
Check: LazyData
Result: NOTE
     'LazyData' is specified without a 'data' directory
Flavors: r-devel-linux-x86_64-debian-clang, r-devel-linux-x86_64-debian-gcc, r-devel-linux-x86_64-fedora-clang, r-devel-linux-x86_64-fedora-gcc, r-devel-windows-ix86+x86_64, r-devel-windows-x86_64-gcc10-UCRT