CRAN Package Check Results for Package biwavelet

Last updated on 2021-06-15 09:52:40 CEST.

Flavor Version Tinstall Tcheck Ttotal Status Flags
r-devel-linux-x86_64-debian-clang 0.20.21 46.72 84.11 130.83 OK
r-devel-linux-x86_64-debian-gcc 0.20.21 30.48 63.00 93.48 OK
r-devel-linux-x86_64-fedora-clang 0.20.21 184.27 NOTE
r-devel-linux-x86_64-fedora-gcc 0.20.21 156.90 OK
r-devel-windows-x86_64 0.20.21 62.00 118.00 180.00 OK
r-devel-windows-x86_64-gcc10-UCRT 0.20.21 OK
r-patched-linux-x86_64 0.20.21 34.79 79.04 113.83 OK
r-patched-solaris-x86 0.20.21 192.70 OK
r-release-linux-x86_64 0.20.21 38.99 79.81 118.80 OK
r-release-macos-arm64 0.20.21 OK
r-release-macos-x86_64 0.20.21 OK
r-release-windows-ix86+x86_64 0.20.21 109.00 165.00 274.00 OK
r-oldrel-macos-x86_64 0.20.21 OK
r-oldrel-windows-ix86+x86_64 0.20.21 113.00 159.00 272.00 OK

Check Details

Version: 0.20.21
Check: Rd cross-references
Result: NOTE
    Undeclared package ‘RColorBrewer’ in Rd xrefs
Flavor: r-devel-linux-x86_64-fedora-clang