CRAN Package Check Results for Package bivquant

Last updated on 2021-04-15 09:49:53 CEST.

Flavor Version Tinstall Tcheck Ttotal Status Flags
r-devel-linux-x86_64-debian-clang 0.1 8.57 83.07 91.64 NOTE
r-devel-linux-x86_64-debian-gcc 0.1 7.73 62.99 70.72 NOTE
r-devel-linux-x86_64-fedora-clang 0.1 117.96 NOTE
r-devel-linux-x86_64-fedora-gcc 0.1 107.47 NOTE
r-devel-windows-ix86+x86_64 0.1 22.00 102.00 124.00 NOTE
r-devel-windows-x86_64-gcc10-UCRT 0.1 NOTE
r-patched-linux-x86_64 0.1 6.26 76.54 82.80 OK
r-patched-solaris-x86 0.1 164.50 NOTE
r-release-linux-x86_64 0.1 9.26 75.54 84.80 OK
r-release-macos-x86_64 0.1 NOTE
r-release-windows-ix86+x86_64 0.1 16.00 106.00 122.00 OK
r-oldrel-macos-x86_64 0.1 NOTE
r-oldrel-windows-ix86+x86_64 0.1 17.00 70.00 87.00 OK

Check Details

Version: 0.1
Check: LazyData
Result: NOTE
     'LazyData' is specified without a 'data' directory
Flavors: r-devel-linux-x86_64-debian-clang, r-devel-linux-x86_64-debian-gcc, r-devel-linux-x86_64-fedora-clang, r-devel-linux-x86_64-fedora-gcc, r-devel-windows-ix86+x86_64, r-devel-windows-x86_64-gcc10-UCRT

Version: 0.1
Check: dependencies in R code
Result: NOTE
    Namespace in Imports field not imported from: ‘MASS’
     All declared Imports should be used.
Flavors: r-devel-linux-x86_64-fedora-clang, r-devel-linux-x86_64-fedora-gcc, r-devel-windows-x86_64-gcc10-UCRT, r-patched-solaris-x86, r-release-macos-x86_64, r-oldrel-macos-x86_64