CRAN Package Check Results for Package bioset

Last updated on 2021-04-15 09:49:53 CEST.

Flavor Version Tinstall Tcheck Ttotal Status Flags
r-devel-linux-x86_64-debian-clang 0.2.3 3.02 38.33 41.35 NOTE
r-devel-linux-x86_64-debian-gcc 0.2.3 2.33 30.56 32.89 NOTE
r-devel-linux-x86_64-fedora-clang 0.2.3 59.04 NOTE
r-devel-linux-x86_64-fedora-gcc 0.2.3 49.44 NOTE
r-devel-windows-ix86+x86_64 0.2.3 6.00 58.00 64.00 NOTE
r-devel-windows-x86_64-gcc10-UCRT 0.2.3 NOTE
r-patched-linux-x86_64 0.2.3 2.69 37.37 40.06 OK
r-patched-solaris-x86 0.2.3 74.80 OK
r-release-linux-x86_64 0.2.3 2.95 37.53 40.48 OK
r-release-macos-x86_64 0.2.3 OK
r-release-windows-ix86+x86_64 0.2.3 17.00 62.00 79.00 OK
r-oldrel-macos-x86_64 0.2.3 OK
r-oldrel-windows-ix86+x86_64 0.2.3 3.00 41.00 44.00 OK

Check Details

Version: 0.2.3
Check: LazyData
Result: NOTE
     'LazyData' is specified without a 'data' directory
Flavors: r-devel-linux-x86_64-debian-clang, r-devel-linux-x86_64-debian-gcc, r-devel-linux-x86_64-fedora-clang, r-devel-linux-x86_64-fedora-gcc, r-devel-windows-ix86+x86_64, r-devel-windows-x86_64-gcc10-UCRT