CRAN Package Check Results for Package biogram

Last updated on 2020-07-06 21:50:10 CEST.

Flavor Version Tinstall Tcheck Ttotal Status Flags
r-devel-linux-x86_64-debian-clang 1.6.3 5.66 57.35 63.01 OK
r-devel-linux-x86_64-debian-gcc 1.6.3 3.63 43.25 46.88 OK
r-devel-linux-x86_64-fedora-clang 1.6.3 80.98 NOTE
r-devel-linux-x86_64-fedora-gcc 1.6.3 73.95 OK
r-devel-windows-ix86+x86_64 1.6.3 13.00 96.00 109.00 OK
r-patched-linux-x86_64 1.6.3 5.20 56.51 61.71 OK
r-patched-solaris-x86 1.6.3 106.70 OK
r-release-linux-x86_64 1.6.3 3.89 56.01 59.90 OK
r-release-osx-x86_64 1.6.3 OK
r-release-windows-ix86+x86_64 1.6.3 9.00 71.00 80.00 OK
r-oldrel-osx-x86_64 1.6.3 OK
r-oldrel-windows-ix86+x86_64 1.6.3 9.00 115.00 124.00 OK

Check Details

Version: 1.6.3
Check: Rd cross-references
Result: NOTE
    Undeclared package ‘seqinr’ in Rd xrefs
Flavor: r-devel-linux-x86_64-fedora-clang