CRAN Package Check Results for Package bioacoustics

Last updated on 2021-06-15 09:52:40 CEST.

Flavor Version Tinstall Tcheck Ttotal Status Flags
r-devel-linux-x86_64-debian-clang 0.2.5 111.14 53.97 165.11 OK
r-devel-linux-x86_64-debian-gcc 0.2.5 75.59 41.42 117.01 OK
r-devel-linux-x86_64-fedora-clang 0.2.5 247.11 NOTE
r-devel-linux-x86_64-fedora-gcc 0.2.5 215.34 OK
r-devel-windows-x86_64 0.2.5 159.00 87.00 246.00 OK
r-devel-windows-x86_64-gcc10-UCRT 0.2.5 OK
r-patched-linux-x86_64 0.2.5 89.59 52.17 141.76 OK
r-patched-solaris-x86 0.2.5 269.10 NOTE
r-release-linux-x86_64 0.2.5 91.17 52.99 144.16 OK
r-release-macos-arm64 0.2.5 NOTE
r-release-macos-x86_64 0.2.5 NOTE
r-release-windows-ix86+x86_64 0.2.5 256.00 114.00 370.00 NOTE
r-oldrel-macos-x86_64 0.2.5 NOTE
r-oldrel-windows-ix86+x86_64 0.2.5 187.00 117.00 304.00 NOTE

Check Details

Version: 0.2.5
Check: installed package size
Result: NOTE
     installed size is 5.5Mb
     sub-directories of 1Mb or more:
     libs 4.0Mb
Flavors: r-devel-linux-x86_64-fedora-clang, r-patched-solaris-x86, r-release-macos-arm64, r-release-macos-x86_64, r-release-windows-ix86+x86_64, r-oldrel-macos-x86_64, r-oldrel-windows-ix86+x86_64