CRAN Package Check Results for Package bio3d

Last updated on 2020-03-30 20:48:22 CEST.

Flavor Version Tinstall Tcheck Ttotal Status Flags
r-devel-linux-x86_64-debian-clang 2.4-1 78.69 180.42 259.11 OK
r-devel-linux-x86_64-debian-gcc 2.4-1 58.44 135.07 193.51 OK
r-devel-linux-x86_64-fedora-clang 2.4-1 329.10 NOTE
r-devel-linux-x86_64-fedora-gcc 2.4-1 318.76 OK
r-devel-windows-ix86+x86_64 2.4-1 124.00 247.00 371.00 NOTE
r-devel-windows-ix86+x86_64-gcc8 2.4-1 148.00 246.00 394.00 NOTE
r-patched-linux-x86_64 2.4-1 69.00 175.48 244.48 OK
r-patched-solaris-x86 2.4-1 413.10 NOTE
r-release-linux-x86_64 2.4-1 65.76 164.02 229.78 OK
r-release-windows-ix86+x86_64 2.4-1 151.00 326.00 477.00 NOTE
r-release-osx-x86_64 2.4-1 NOTE
r-oldrel-windows-ix86+x86_64 2.4-1 177.00 301.00 478.00 NOTE
r-oldrel-osx-x86_64 2.4-1 NOTE

Check Details

Version: 2.4-1
Check: package dependencies
Result: NOTE
    Package suggested but not available for checking: ‘msa’
Flavors: r-devel-linux-x86_64-fedora-clang, r-patched-solaris-x86, r-release-osx-x86_64, r-oldrel-osx-x86_64

Version: 2.4-1
Check: installed package size
Result: NOTE
     installed size is 7.2Mb
     sub-directories of 1Mb or more:
     libs 3.6Mb
Flavors: r-devel-linux-x86_64-fedora-clang, r-devel-windows-ix86+x86_64, r-devel-windows-ix86+x86_64-gcc8, r-release-windows-ix86+x86_64, r-release-osx-x86_64, r-oldrel-windows-ix86+x86_64, r-oldrel-osx-x86_64