CRAN Package Check Results for Package binomialMix

Last updated on 2020-03-30 20:48:22 CEST.

Flavor Version Tinstall Tcheck Ttotal Status Flags
r-devel-linux-x86_64-debian-clang 1.0.1 4.18 175.26 179.44 OK
r-devel-linux-x86_64-debian-gcc 1.0.1 3.74 140.88 144.62 OK
r-devel-linux-x86_64-fedora-clang 1.0.1 206.88 NOTE
r-devel-linux-x86_64-fedora-gcc 1.0.1 206.07 NOTE
r-devel-windows-ix86+x86_64 1.0 13.00 186.00 199.00 ERROR
r-devel-windows-ix86+x86_64-gcc8 1.0.1 13.00 208.00 221.00 OK
r-patched-linux-x86_64 1.0.1 4.63 171.18 175.81 OK
r-patched-solaris-x86 1.0.1 388.20 NOTE
r-release-linux-x86_64 1.0.1 3.87 166.46 170.33 OK
r-release-windows-ix86+x86_64 1.0.1 22.00 244.00 266.00 OK
r-release-osx-x86_64 1.0.1 NOTE
r-oldrel-osx-x86_64 1.0.1 ERROR

Check Details

Version: 1.0.1
Check: dependencies in R code
Result: NOTE
    Namespace in Imports field not imported from: ‘lubridate’
     All declared Imports should be used.
Flavors: r-devel-linux-x86_64-fedora-clang, r-devel-linux-x86_64-fedora-gcc, r-patched-solaris-x86, r-release-osx-x86_64

Version: 1.0
Check: tests
Result: ERROR
     Running 'testthat.R' [2s]
    Running the tests in 'tests/testthat.R' failed.
    Complete output:
     > library(testthat)
     >
     > test_check("binomialMix")
     Loading required package: binomialMix
     -- 1. Error: beta is correctly initialized (@test-init-beta.R#20) -------------
     missing value where TRUE/FALSE needed
     Backtrace:
     1. testthat::expect_is(init_subset(input, 3, "group_num"), "list")
     4. binomialMix::init_subset(input, 3, "group_num")
    
     -- 2. Error: design matrices are correctly initialized (@test-init_design_matric
     missing value where TRUE/FALSE needed
     Backtrace:
     1. testthat::expect_is(...)
     4. binomialMix::init_design_matrices(mod_form, input, "group_num")
    
     -- 3. Error: tau is correctly initialized (@test-init_tau.R#16) ---------------
     missing value where TRUE/FALSE needed
     Backtrace:
     1. testthat::expect_is(init_tau(input, 3, "group_num"), "matrix")
     4. binomialMix::init_tau(input, 3, "group_num")
    
     -- 4. Error: Test the good input/output of the log density --------------------
     subscript out of bounds
     Backtrace:
     1. stats::model.frame(...)
     2. stats::model.frame.default(...)
     3. base::is.data.frame(data)
    
     == testthat results ===========================================================
     [ OK: 16 | SKIPPED: 0 | WARNINGS: 3 | FAILED: 4 ]
     1. Error: beta is correctly initialized (@test-init-beta.R#20)
     2. Error: design matrices are correctly initialized (@test-init_design_matrices.R#21)
     3. Error: tau is correctly initialized (@test-init_tau.R#16)
     4. Error: Test the good input/output of the log density
    
     Error: testthat unit tests failed
     Execution halted
Flavor: r-devel-windows-ix86+x86_64

Version: 1.0.1
Check: whether package can be installed
Result: ERROR
    Installation failed.
Flavor: r-oldrel-osx-x86_64