CRAN Package Check Results for Package binnednp

Last updated on 2020-07-06 21:50:10 CEST.

Flavor Version Tinstall Tcheck Ttotal Status Flags
r-devel-linux-x86_64-debian-clang 0.4.0 44.68 40.07 84.75 OK
r-devel-linux-x86_64-debian-gcc 0.4.0 32.22 31.10 63.32 OK
r-devel-linux-x86_64-fedora-clang 0.4.0 121.06 NOTE
r-devel-linux-x86_64-fedora-gcc 0.4.0 101.77 NOTE
r-devel-windows-ix86+x86_64 0.4.0 109.00 102.00 211.00 OK
r-patched-linux-x86_64 0.4.0 33.25 39.90 73.15 OK
r-patched-solaris-x86 0.4.0 115.80 NOTE
r-release-linux-x86_64 0.4.0 34.35 40.58 74.93 OK
r-release-osx-x86_64 0.4.0 NOTE
r-release-windows-ix86+x86_64 0.4.0 78.00 76.00 154.00 OK
r-oldrel-osx-x86_64 0.4.0 NOTE
r-oldrel-windows-ix86+x86_64 0.4.0 98.00 115.00 213.00 OK

Check Details

Version: 0.4.0
Check: dependencies in R code
Result: NOTE
    Namespace in Imports field not imported from: ‘Rdpack’
     All declared Imports should be used.
Flavors: r-devel-linux-x86_64-fedora-clang, r-devel-linux-x86_64-fedora-gcc, r-patched-solaris-x86, r-release-osx-x86_64, r-oldrel-osx-x86_64