CRAN Package Check Results for Package binb

Last updated on 2021-06-22 09:51:29 CEST.

Flavor Version Tinstall Tcheck Ttotal Status Flags
r-devel-linux-x86_64-debian-clang 0.0.6 2.79 51.78 54.57 OK
r-devel-linux-x86_64-debian-gcc 0.0.6 2.14 41.86 44.00 OK
r-devel-linux-x86_64-fedora-clang 0.0.6 73.90 NOTE
r-devel-linux-x86_64-fedora-gcc 0.0.6 63.63 OK
r-devel-windows-x86_64 0.0.6 5.00 74.00 79.00 OK
r-devel-windows-x86_64-gcc10-UCRT 0.0.6 OK
r-patched-linux-x86_64 0.0.6 2.71 50.76 53.47 OK
r-patched-solaris-x86 0.0.6 57.90 OK
r-release-linux-x86_64 0.0.6 2.82 50.38 53.20 OK
r-release-macos-arm64 0.0.6 OK
r-release-macos-x86_64 0.0.6 OK
r-release-windows-ix86+x86_64 0.0.6 6.00 80.00 86.00 OK
r-oldrel-macos-x86_64 0.0.6 OK

Check Details

Version: 0.0.6
Check: Rd cross-references
Result: NOTE
    Undeclared packages ‘tint’, ‘pinp’, ‘linl’ in Rd xrefs
Flavor: r-devel-linux-x86_64-fedora-clang