CRAN Package Check Results for Package bimetallic

Last updated on 2020-07-06 21:50:10 CEST.

Flavor Version Tinstall Tcheck Ttotal Status Flags
r-devel-linux-x86_64-debian-clang 1.0 2.98 21.86 24.84 NOTE
r-devel-linux-x86_64-debian-gcc 1.0 2.56 17.24 19.80 NOTE
r-devel-linux-x86_64-fedora-clang 1.0 38.57 NOTE
r-devel-linux-x86_64-fedora-gcc 1.0 29.03 NOTE
r-devel-windows-ix86+x86_64 1.0 11.00 39.00 50.00 NOTE
r-patched-linux-x86_64 1.0 3.06 21.60 24.66 NOTE
r-patched-solaris-x86 1.0 43.00 NOTE
r-release-linux-x86_64 1.0 3.31 21.54 24.85 NOTE
r-release-osx-x86_64 1.0 NOTE
r-release-windows-ix86+x86_64 1.0 6.00 29.00 35.00 NOTE
r-oldrel-osx-x86_64 1.0 NOTE
r-oldrel-windows-ix86+x86_64 1.0 5.00 38.00 43.00 NOTE

Check Details

Version: 1.0
Check: DESCRIPTION meta-information
Result: NOTE
    Malformed Description field: should contain one or more complete sentences.
Flavors: r-devel-linux-x86_64-debian-clang, r-devel-linux-x86_64-debian-gcc, r-devel-linux-x86_64-fedora-clang, r-devel-linux-x86_64-fedora-gcc, r-devel-windows-ix86+x86_64, r-patched-linux-x86_64, r-patched-solaris-x86, r-release-linux-x86_64, r-release-osx-x86_64, r-release-windows-ix86+x86_64, r-oldrel-osx-x86_64, r-oldrel-windows-ix86+x86_64

Version: 1.0
Check: R code for possible problems
Result: NOTE
    chisq.sim.factory : chisq.sim.func: no visible global function
     definition for 'chisq.test'
    rmultnom: no visible global function definition for 'runif'
    Undefined global functions or variables:
     chisq.test runif
    Consider adding
     importFrom("stats", "chisq.test", "runif")
    to your NAMESPACE file.
Flavors: r-devel-linux-x86_64-debian-clang, r-devel-linux-x86_64-debian-gcc, r-devel-linux-x86_64-fedora-clang, r-devel-linux-x86_64-fedora-gcc, r-devel-windows-ix86+x86_64, r-patched-linux-x86_64, r-patched-solaris-x86, r-release-linux-x86_64, r-release-osx-x86_64, r-release-windows-ix86+x86_64, r-oldrel-osx-x86_64, r-oldrel-windows-ix86+x86_64