CRAN Package Check Results for Package bigtime

Last updated on 2020-05-29 17:49:00 CEST.

Flavor Version Tinstall Tcheck Ttotal Status Flags
r-devel-linux-x86_64-debian-clang 0.1.0 41.66 55.52 97.18 OK
r-devel-linux-x86_64-debian-gcc 0.1.0 32.25 40.56 72.81 OK
r-devel-linux-x86_64-fedora-clang 0.1.0 119.91 NOTE
r-devel-linux-x86_64-fedora-gcc 0.1.0 114.44 NOTE
r-devel-windows-ix86+x86_64 0.1.0 94.00 102.00 196.00 OK
r-patched-linux-x86_64 0.1.0 34.81 53.74 88.55 OK
r-patched-solaris-x86 0.1.0 130.40 NOTE
r-release-linux-x86_64 0.1.0 33.48 54.28 87.76 OK
r-release-osx-x86_64 0.1.0 NOTE
r-release-windows-ix86+x86_64 0.1.0 72.00 134.00 206.00 OK
r-oldrel-osx-x86_64 0.1.0 NOTE
r-oldrel-windows-ix86+x86_64 0.1.0 71.00 99.00 170.00 OK

Check Details

Version: 0.1.0
Check: dependencies in R code
Result: NOTE
    Namespaces in Imports field not imported from:
     ‘MASS’ ‘lattice’ ‘zoo’
     All declared Imports should be used.
Flavors: r-devel-linux-x86_64-fedora-clang, r-devel-linux-x86_64-fedora-gcc, r-patched-solaris-x86, r-release-osx-x86_64, r-oldrel-osx-x86_64