CRAN Package Check Results for Package bigtabulate

Last updated on 2021-04-15 09:49:53 CEST.

Flavor Version Tinstall Tcheck Ttotal Status Flags
r-devel-linux-x86_64-debian-clang 1.1.5 22.79 35.83 58.62 OK
r-devel-linux-x86_64-debian-gcc 1.1.5 19.88 28.36 48.24 OK
r-devel-linux-x86_64-fedora-clang 1.1.5 86.25 NOTE
r-devel-linux-x86_64-fedora-gcc 1.1.5 76.93 NOTE
r-devel-windows-ix86+x86_64 1.1.5 61.00 84.00 145.00 OK
r-devel-windows-x86_64-gcc10-UCRT 1.1.5 OK
r-patched-linux-x86_64 1.1.5 24.33 34.05 58.38 OK
r-patched-solaris-x86 1.1.5 89.70 OK
r-release-linux-x86_64 1.1.5 23.38 33.89 57.27 OK
r-release-macos-x86_64 1.1.5 OK
r-release-windows-ix86+x86_64 1.1.5 55.00 81.00 136.00 OK
r-oldrel-macos-x86_64 1.1.5 OK
r-oldrel-windows-ix86+x86_64 1.1.5 50.00 52.00 102.00 OK

Additional issues

rchk

Check Details

Version: 1.1.5
Check: top-level files
Result: NOTE
     possible bashism in configure line 13 (echo -n):
     echo -n " checking for Sun Studio compiler..."
     possible bashism in configure line 23 (echo -n):
     echo -n " checking for OS..."
Flavors: r-devel-linux-x86_64-fedora-clang, r-devel-linux-x86_64-fedora-gcc

Version: 1.1.5
Check: compiled code
Result: NOTE
    File ‘bigtabulate/libs/bigtabulate.so’:
     Found no calls to: ‘R_registerRoutines’, ‘R_useDynamicSymbols’
    
    It is good practice to register native routines and to disable symbol
    search.
    
    See ‘Writing portable packages’ in the ‘Writing R Extensions’ manual.
Flavors: r-devel-linux-x86_64-fedora-clang, r-devel-linux-x86_64-fedora-gcc