CRAN Package Check Results for Package bigMap

Last updated on 2021-04-15 09:49:53 CEST.

Flavor Version Tinstall Tcheck Ttotal Status Flags
r-devel-linux-x86_64-debian-clang 2.3.1 73.39 103.55 176.94 NOTE
r-devel-linux-x86_64-debian-gcc 2.3.1 49.08 73.42 122.50 NOTE
r-devel-linux-x86_64-fedora-clang 2.3.1 233.58 NOTE
r-devel-linux-x86_64-fedora-gcc 2.3.1 211.88 NOTE
r-devel-windows-ix86+x86_64 2.3.1 180.00 175.00 355.00 NOTE
r-devel-windows-x86_64-gcc10-UCRT 2.3.1 NOTE
r-patched-linux-x86_64 2.3.1 58.84 98.31 157.15 NOTE
r-patched-solaris-x86 2.3.1 221.40 NOTE
r-release-linux-x86_64 2.3.1 52.74 98.09 150.83 NOTE
r-release-macos-x86_64 2.3.1 NOTE
r-release-windows-ix86+x86_64 2.3.1 148.00 178.00 326.00 NOTE
r-oldrel-macos-x86_64 2.3.1 NOTE
r-oldrel-windows-ix86+x86_64 2.3.1 152.00 122.00 274.00 NOTE

Check Details

Version: 2.3.1
Check: for GNU extensions in Makefiles
Result: NOTE
    GNU make is a SystemRequirements.
Flavors: r-devel-linux-x86_64-debian-clang, r-devel-linux-x86_64-debian-gcc, r-devel-linux-x86_64-fedora-clang, r-devel-linux-x86_64-fedora-gcc, r-devel-windows-ix86+x86_64, r-devel-windows-x86_64-gcc10-UCRT, r-patched-linux-x86_64, r-patched-solaris-x86, r-release-linux-x86_64, r-release-macos-x86_64, r-release-windows-ix86+x86_64, r-oldrel-macos-x86_64, r-oldrel-windows-ix86+x86_64

Version: 2.3.1
Check: installed package size
Result: NOTE
     installed size is 6.2Mb
     sub-directories of 1Mb or more:
     doc 1.8Mb
     extdata 1.9Mb
     libs 2.3Mb
Flavors: r-devel-linux-x86_64-fedora-clang, r-devel-windows-ix86+x86_64, r-release-macos-x86_64, r-release-windows-ix86+x86_64, r-oldrel-macos-x86_64, r-oldrel-windows-ix86+x86_64