CRAN Package Check Results for Package betapart

Last updated on 2020-03-30 20:48:22 CEST.

Flavor Version Tinstall Tcheck Ttotal Status Flags
r-devel-linux-x86_64-debian-clang 1.5.1 10.16 80.66 90.82 NOTE
r-devel-linux-x86_64-debian-gcc 1.5.1 7.60 61.54 69.14 NOTE
r-devel-linux-x86_64-fedora-clang 1.5.1 110.18 NOTE
r-devel-linux-x86_64-fedora-gcc 1.5.1 107.48 NOTE
r-devel-windows-ix86+x86_64 1.5.1 16.00 92.00 108.00 OK
r-devel-windows-ix86+x86_64-gcc8 1.5.1 17.00 99.00 116.00 OK
r-patched-linux-x86_64 1.5.1 10.64 78.45 89.09 NOTE
r-patched-solaris-x86 1.5.1 178.20 NOTE
r-release-linux-x86_64 1.5.1 7.77 72.64 80.41 OK
r-release-windows-ix86+x86_64 1.5.1 25.00 123.00 148.00 OK
r-release-osx-x86_64 1.5.1 OK
r-oldrel-windows-ix86+x86_64 1.5.1 13.00 119.00 132.00 OK
r-oldrel-osx-x86_64 1.5.1 OK

Check Details

Version: 1.5.1
Check: for non-standard things in the check directory
Result: NOTE
    Found the following files/directories:
     'vert.txt' 'vert_1.txt' 'vert_2.txt'
Flavors: r-devel-linux-x86_64-debian-clang, r-devel-linux-x86_64-debian-gcc, r-devel-linux-x86_64-fedora-clang, r-devel-linux-x86_64-fedora-gcc, r-patched-linux-x86_64, r-patched-solaris-x86