CRAN Package Check Results for Package bench

Last updated on 2021-04-15 09:49:52 CEST.

Flavor Version Tinstall Tcheck Ttotal Status Flags
r-devel-linux-x86_64-debian-clang 1.1.1 4.26 42.84 47.10 NOTE
r-devel-linux-x86_64-debian-gcc 1.1.1 3.38 32.89 36.27 NOTE
r-devel-linux-x86_64-fedora-clang 1.1.1 63.46 NOTE
r-devel-linux-x86_64-fedora-gcc 1.1.1 53.78 NOTE
r-devel-windows-ix86+x86_64 1.1.1 18.00 88.00 106.00 NOTE
r-devel-windows-x86_64-gcc10-UCRT 1.1.1 NOTE
r-patched-linux-x86_64 1.1.1 4.15 40.65 44.80 OK
r-patched-solaris-x86 1.1.1 75.80 OK
r-release-linux-x86_64 1.1.1 4.28 41.62 45.90 OK
r-release-macos-x86_64 1.1.1 OK
r-release-windows-ix86+x86_64 1.1.1 37.00 94.00 131.00 OK
r-oldrel-macos-x86_64 1.1.1 OK
r-oldrel-windows-ix86+x86_64 1.1.1 13.00 65.00 78.00 OK

Check Details

Version: 1.1.1
Check: LazyData
Result: NOTE
     'LazyData' is specified without a 'data' directory
Flavors: r-devel-linux-x86_64-debian-clang, r-devel-linux-x86_64-debian-gcc, r-devel-linux-x86_64-fedora-clang, r-devel-linux-x86_64-fedora-gcc, r-devel-windows-ix86+x86_64, r-devel-windows-x86_64-gcc10-UCRT