CRAN Package Check Results for Package belex

Last updated on 2021-04-15 09:49:52 CEST.

Flavor Version Tinstall Tcheck Ttotal Status Flags
r-devel-linux-x86_64-debian-clang 0.1.0 1.99 21.06 23.05 NOTE
r-devel-linux-x86_64-debian-gcc 0.1.0 1.36 16.62 17.98 NOTE
r-devel-linux-x86_64-fedora-clang 0.1.0 37.13 NOTE
r-devel-linux-x86_64-fedora-gcc 0.1.0 26.91 NOTE
r-devel-windows-ix86+x86_64 0.1.0 4.00 36.00 40.00 NOTE
r-devel-windows-x86_64-gcc10-UCRT 0.1.0 NOTE
r-patched-linux-x86_64 0.1.0 1.88 20.02 21.90 OK
r-patched-solaris-x86 0.1.0 42.70 OK
r-release-linux-x86_64 0.1.0 1.92 19.98 21.90 OK
r-release-macos-x86_64 0.1.0 OK
r-release-windows-ix86+x86_64 0.1.0 4.00 37.00 41.00 OK
r-oldrel-macos-x86_64 0.1.0 OK
r-oldrel-windows-ix86+x86_64 0.1.0 3.00 27.00 30.00 OK

Check Details

Version: 0.1.0
Check: LazyData
Result: NOTE
     'LazyData' is specified without a 'data' directory
Flavors: r-devel-linux-x86_64-debian-clang, r-devel-linux-x86_64-debian-gcc, r-devel-linux-x86_64-fedora-clang, r-devel-linux-x86_64-fedora-gcc, r-devel-windows-ix86+x86_64, r-devel-windows-x86_64-gcc10-UCRT