CRAN Package Check Results for Package beginr

Last updated on 2020-02-24 20:47:13 CET.

Flavor Version Tinstall Tcheck Ttotal Status Flags
r-devel-linux-x86_64-debian-clang 0.1.7 3.11 23.42 26.53 NOTE
r-devel-linux-x86_64-debian-gcc 0.1.7 2.46 18.00 20.46 NOTE
r-devel-linux-x86_64-fedora-clang 0.1.7 32.17 NOTE
r-devel-linux-x86_64-fedora-gcc 0.1.7 31.40 NOTE
r-devel-windows-ix86+x86_64 0.1.7 6.00 34.00 40.00 OK
r-devel-windows-ix86+x86_64-gcc8 0.1.7 17.00 50.00 67.00 OK
r-patched-linux-x86_64 0.1.7 2.71 21.03 23.74 OK
r-patched-solaris-x86 0.1.7 43.60 OK
r-release-linux-x86_64 0.1.7 2.75 20.86 23.61 OK
r-release-windows-ix86+x86_64 0.1.7 5.00 34.00 39.00 OK
r-release-osx-x86_64 0.1.7 OK
r-oldrel-windows-ix86+x86_64 0.1.7 3.00 35.00 38.00 OK
r-oldrel-osx-x86_64 0.1.7 OK

Check Details

Version: 0.1.7
Check: for non-standard things in the check directory
Result: NOTE
    Found the following files/directories:
     'alist.txt' 'rpkg'
Flavors: r-devel-linux-x86_64-debian-clang, r-devel-linux-x86_64-debian-gcc, r-devel-linux-x86_64-fedora-clang, r-devel-linux-x86_64-fedora-gcc