CRAN Package Check Results for Package beam

Last updated on 2021-04-15 09:49:52 CEST.

Flavor Version Tinstall Tcheck Ttotal Status Flags
r-devel-linux-x86_64-debian-clang 2.0.2 53.05 83.63 136.68 OK
r-devel-linux-x86_64-debian-gcc 2.0.2 41.08 63.88 104.96 OK
r-devel-linux-x86_64-fedora-clang 2.0.2 190.07 OK
r-devel-linux-x86_64-fedora-gcc 2.0.2 176.48 OK
r-devel-windows-ix86+x86_64 2.0.2 138.00 160.00 298.00 OK
r-devel-windows-x86_64-gcc10-UCRT 2.0.2 OK
r-patched-linux-x86_64 2.0.2 47.43 76.88 124.31 OK
r-patched-solaris-x86 2.0.2 219.00 OK
r-release-linux-x86_64 2.0.2 48.49 77.94 126.43 OK
r-release-macos-x86_64 2.0.2 NOTE
r-release-windows-ix86+x86_64 2.0.2 141.00 168.00 309.00 OK
r-oldrel-macos-x86_64 2.0.2 NOTE
r-oldrel-windows-ix86+x86_64 2.0.2 119.00 106.00 225.00 OK

Check Details

Version: 2.0.2
Check: installed package size
Result: NOTE
     installed size is 5.3Mb
     sub-directories of 1Mb or more:
     libs 4.7Mb
Flavors: r-release-macos-x86_64, r-oldrel-macos-x86_64