CRAN Package Check Results for Package bdvis

Last updated on 2020-04-09 14:51:13 CEST.

Flavor Version Tinstall Tcheck Ttotal Status Flags
r-devel-linux-x86_64-debian-clang 0.2.22 9.82 78.91 88.73 NOTE
r-devel-linux-x86_64-debian-gcc 0.2.22 9.53 61.18 70.71 NOTE
r-devel-linux-x86_64-fedora-clang 0.2.22 111.54 NOTE
r-devel-linux-x86_64-fedora-gcc 0.2.22 111.98 NOTE
r-devel-windows-ix86+x86_64 0.2.22 33.00 111.00 144.00 OK
r-devel-windows-ix86+x86_64-gcc8 0.2.22 26.00 106.00 132.00 OK
r-patched-linux-x86_64 0.2.22 10.90 75.84 86.74 NOTE
r-patched-osx-x86_64 0.2.22 NOTE
r-patched-solaris-x86 0.2.22 212.70 NOTE
r-release-linux-x86_64 0.2.22 8.55 70.85 79.40 NOTE
r-release-windows-ix86+x86_64 0.2.22 35.00 115.00 150.00 OK
r-release-osx-x86_64 0.2.22 OK
r-oldrel-windows-ix86+x86_64 0.2.22 26.00 145.00 171.00 OK
r-oldrel-osx-x86_64 0.2.22 OK

Check Details

Version: 0.2.22
Check: package dependencies
Result: NOTE
    Package suggested but not available for checking: 'rinat'
Flavors: r-devel-linux-x86_64-debian-clang, r-devel-linux-x86_64-debian-gcc, r-devel-linux-x86_64-fedora-clang, r-devel-linux-x86_64-fedora-gcc, r-patched-linux-x86_64, r-patched-osx-x86_64, r-patched-solaris-x86, r-release-linux-x86_64