CRAN Package Check Results for Package bcmaps

Last updated on 2020-02-21 17:47:41 CET.

Flavor Version Tinstall Tcheck Ttotal Status Flags
r-devel-linux-x86_64-debian-clang 0.18.0 5.32 59.71 65.03 NOTE
r-devel-linux-x86_64-debian-gcc 0.18.0 4.17 45.52 49.69 NOTE
r-devel-linux-x86_64-fedora-clang 0.18.0 80.68 NOTE
r-devel-linux-x86_64-fedora-gcc 0.18.0 83.12 NOTE
r-devel-windows-ix86+x86_64 0.18.0 10.00 66.00 76.00 NOTE
r-devel-windows-ix86+x86_64-gcc8 0.18.0 19.00 97.00 116.00 NOTE
r-patched-linux-x86_64 0.18.0 4.84 52.72 57.56 NOTE
r-patched-solaris-x86 0.18.0 112.00 NOTE
r-release-linux-x86_64 0.18.0 4.83 52.56 57.39 NOTE
r-release-windows-ix86+x86_64 0.18.0 10.00 69.00 79.00 NOTE
r-release-osx-x86_64 0.18.0 NOTE
r-oldrel-windows-ix86+x86_64 0.18.0 6.00 62.00 68.00 NOTE
r-oldrel-osx-x86_64 0.18.0 NOTE

Check Details

Version: 0.18.0
Check: package dependencies
Result: NOTE
    Package suggested but not available for checking: 'bcmapsdata'
Flavors: r-devel-linux-x86_64-debian-clang, r-devel-linux-x86_64-debian-gcc, r-devel-linux-x86_64-fedora-clang, r-devel-linux-x86_64-fedora-gcc, r-patched-linux-x86_64, r-patched-solaris-x86, r-release-linux-x86_64, r-release-osx-x86_64, r-oldrel-osx-x86_64

Version: 0.18.0
Check: package dependencies
Result: NOTE
    Packages suggested but not available for checking: 'bcmapsdata', 'doMC'
Flavors: r-devel-windows-ix86+x86_64, r-devel-windows-ix86+x86_64-gcc8, r-release-windows-ix86+x86_64

Version: 0.18.0
Check: package dependencies
Result: NOTE
    Packages suggested but not available for checking: 'bcmapsdata' 'doMC'
Flavor: r-oldrel-windows-ix86+x86_64