CRAN Package Check Results for Package bcmaps

Last updated on 2020-07-06 21:50:10 CEST.

Flavor Version Tinstall Tcheck Ttotal Status Flags
r-devel-linux-x86_64-debian-clang 0.18.1 4.99 73.02 78.01 NOTE
r-devel-linux-x86_64-debian-gcc 0.18.1 4.07 55.69 59.76 NOTE
r-devel-linux-x86_64-fedora-clang 0.18.1 100.28 ERROR
r-devel-linux-x86_64-fedora-gcc 0.18.1 93.97 ERROR
r-devel-windows-ix86+x86_64 0.18.1 19.00 139.00 158.00 NOTE
r-patched-linux-x86_64 0.18.1 5.69 71.66 77.35 NOTE
r-patched-solaris-x86 0.18.1 162.40 NOTE
r-release-linux-x86_64 0.18.1 5.28 71.51 76.79 NOTE
r-release-osx-x86_64 0.18.1 NOTE
r-release-windows-ix86+x86_64 0.18.1 14.00 94.00 108.00 NOTE
r-oldrel-osx-x86_64 0.18.1 NOTE
r-oldrel-windows-ix86+x86_64 0.18.1 36.00 128.00 164.00 NOTE

Check Details

Version: 0.18.1
Check: package dependencies
Result: NOTE
    Package suggested but not available for checking: 'bcmapsdata'
Flavors: r-devel-linux-x86_64-debian-clang, r-devel-linux-x86_64-debian-gcc, r-devel-linux-x86_64-fedora-clang, r-devel-linux-x86_64-fedora-gcc, r-devel-windows-ix86+x86_64, r-patched-linux-x86_64, r-patched-solaris-x86, r-release-linux-x86_64, r-release-osx-x86_64, r-release-windows-ix86+x86_64, r-oldrel-osx-x86_64, r-oldrel-windows-ix86+x86_64

Version: 0.18.1
Check: tests
Result: ERROR
     Running ‘testthat.R’ [0m/90m]
    Running the tests in ‘tests/testthat.R’ failed.
    Complete output:
     > library(testthat)
     > library(bcmaps)
     Loading required package: sf
     Linking to GEOS 3.8.1, GDAL 3.0.4, PROJ 6.3.2
     >
     > test_check("bcmaps")
     Error in get(name, envir = asNamespace(pkg), inherits = FALSE) :
     object '.slaveRSOCK' not found
     Calls: ::: -> get
     Execution halted
    
     Execution halted
Flavors: r-devel-linux-x86_64-fedora-clang, r-devel-linux-x86_64-fedora-gcc