CRAN Package Check Results for Package bcRep

Last updated on 2020-02-21 17:47:41 CET.

Flavor Version Tinstall Tcheck Ttotal Status Flags
r-devel-linux-x86_64-debian-clang 1.3.6 15.97 146.51 162.48 NOTE
r-devel-linux-x86_64-debian-gcc 1.3.6 12.64 111.21 123.85 NOTE
r-devel-linux-x86_64-fedora-clang 1.3.6 199.07 WARN
r-devel-linux-x86_64-fedora-gcc 1.3.6 200.78 NOTE
r-devel-windows-ix86+x86_64 1.3.6 28.00 349.00 377.00 OK
r-devel-windows-ix86+x86_64-gcc8 1.3.6 38.00 450.00 488.00 OK
r-patched-linux-x86_64 1.3.6 15.41 132.41 147.82 OK
r-patched-solaris-x86 1.3.6 641.10 NOTE
r-release-linux-x86_64 1.3.6 17.32 132.76 150.08 OK
r-release-windows-ix86+x86_64 1.3.6 27.00 361.00 388.00 OK
r-release-osx-x86_64 1.3.6 OK
r-oldrel-windows-ix86+x86_64 1.3.6 16.00 341.00 357.00 OK
r-oldrel-osx-x86_64 1.3.6 OK

Check Details

Version: 1.3.6
Check: for non-standard things in the check directory
Result: NOTE
    Found the following files/directories:
     'Example_Lorenz-curve.pdf'
Flavors: r-devel-linux-x86_64-debian-clang, r-devel-linux-x86_64-debian-gcc, r-devel-linux-x86_64-fedora-clang, r-devel-linux-x86_64-fedora-gcc

Version: 1.3.6
Check: package dependencies
Result: WARN
    Requires orphaned package: ‘gplots’
Flavor: r-devel-linux-x86_64-fedora-clang

Version: 1.3.6
Check: installed package size
Result: NOTE
     installed size is 5.2Mb
     sub-directories of 1Mb or more:
     data 1.8Mb
     doc 2.7Mb
Flavor: r-patched-solaris-x86