CRAN Package Check Results for Package bcROCsurface

Last updated on 2021-06-16 09:53:16 CEST.

Flavor Version Tinstall Tcheck Ttotal Status Flags
r-devel-linux-x86_64-debian-clang 1.0-4 49.09 108.84 157.93 OK
r-devel-linux-x86_64-debian-gcc 1.0-4 32.06 85.17 117.23 OK
r-devel-linux-x86_64-fedora-clang 1.0-4 200.71 OK
r-devel-linux-x86_64-fedora-gcc 1.0-4 183.25 OK
r-devel-windows-x86_64 1.0-4 58.00 142.00 200.00 OK
r-devel-windows-x86_64-gcc10-UCRT 1.0-4 OK
r-patched-linux-x86_64 1.0-4 36.49 102.12 138.61 OK
r-patched-solaris-x86 1.0-4 172.80 WARN
r-release-linux-x86_64 1.0-4 35.37 103.40 138.77 OK
r-release-macos-arm64 1.0-4 WARN
r-release-macos-x86_64 1.0-4 WARN
r-release-windows-ix86+x86_64 1.0-4 103.00 177.00 280.00 OK
r-oldrel-macos-x86_64 1.0-4 OK
r-oldrel-windows-ix86+x86_64 1.0-4 107.00 184.00 291.00 OK

Check Details

Version: 1.0-4
Check: re-building of vignette outputs
Result: WARN
    Error(s) in re-building vignettes:
     ...
    --- re-building ‘example.Rmd’ using rmarkdown
    Warning in engine$weave(file, quiet = quiet, encoding = enc) :
     Pandoc (>= 1.12.3) not available. Falling back to R Markdown v1.
    PhantomJS not found. You can install it with webshot::install_phantomjs(). If it is installed, please make sure the phantomjs executable can be found via the PATH variable.
    PhantomJS not found. You can install it with webshot::install_phantomjs(). If it is installed, please make sure the phantomjs executable can be found via the PATH variable.
    Quitting from lines 143-145 (example.Rmd)
    Error: processing vignette 'example.Rmd' failed with diagnostics:
    invalid 'path' argument
    --- failed re-building ‘example.Rmd’
    
    SUMMARY: processing the following file failed:
     ‘example.Rmd’
    
    Error: Vignette re-building failed.
    Execution halted
Flavors: r-patched-solaris-x86, r-release-macos-arm64, r-release-macos-x86_64