CRAN Package Check Results for Package baystability

Last updated on 2020-03-30 20:48:22 CEST.

Flavor Version Tinstall Tcheck Ttotal Status Flags
r-devel-linux-x86_64-debian-clang 0.1.0 13.73 112.16 125.89 OK
r-devel-linux-x86_64-debian-gcc 0.1.0 10.68 85.52 96.20 OK
r-devel-linux-x86_64-fedora-clang 0.1.0 148.35 NOTE
r-devel-linux-x86_64-fedora-gcc 0.1.0 146.57 NOTE
r-devel-windows-ix86+x86_64 0.1.0 26.00 113.00 139.00 OK
r-devel-windows-ix86+x86_64-gcc8 0.1.0 30.00 115.00 145.00 OK
r-patched-linux-x86_64 0.1.0 11.92 104.90 116.82 OK
r-patched-solaris-x86 0.1.0 234.80 NOTE
r-release-linux-x86_64 0.1.0 11.69 98.32 110.01 OK
r-release-windows-ix86+x86_64 0.1.0 26.00 148.00 174.00 OK
r-release-osx-x86_64 0.1.0 NOTE
r-oldrel-windows-ix86+x86_64 0.1.0 28.00 149.00 177.00 OK
r-oldrel-osx-x86_64 0.1.0 NOTE

Check Details

Version: 0.1.0
Check: dependencies in R code
Result: NOTE
    Namespaces in Imports field not imported from:
     ‘ggfortify’ ‘ggplot2’ ‘matrixStats’ ‘reshape2’ ‘scales’
     All declared Imports should be used.
Flavors: r-devel-linux-x86_64-fedora-clang, r-devel-linux-x86_64-fedora-gcc, r-patched-solaris-x86, r-release-osx-x86_64, r-oldrel-osx-x86_64