CRAN Package Check Results for Package bayesian

Last updated on 2021-06-21 09:52:32 CEST.

Flavor Version Tinstall Tcheck Ttotal Status Flags
r-devel-linux-x86_64-debian-clang 0.0.5 19.42 299.69 319.11 OK
r-devel-linux-x86_64-debian-gcc 0.0.5 15.51 225.79 241.30 OK
r-devel-linux-x86_64-fedora-clang 0.0.5 388.72 OK
r-devel-linux-x86_64-fedora-gcc 0.0.5 395.02 OK
r-devel-windows-x86_64 0.0.5 31.00 209.00 240.00 OK
r-devel-windows-x86_64-gcc10-UCRT 0.0.5 ERROR
r-patched-linux-x86_64 0.0.5 18.77 290.60 309.37 OK
r-patched-solaris-x86 0.0.5 365.80 OK
r-release-linux-x86_64 0.0.5 17.53 283.96 301.49 OK
r-release-macos-arm64 0.0.5 OK
r-release-macos-x86_64 0.0.5 OK
r-release-windows-ix86+x86_64 0.0.5 50.00 227.00 277.00 OK
r-oldrel-macos-x86_64 0.0.5 OK

Check Details

Version: 0.0.5
Check: package dependencies
Result: ERROR
    Package required but not available: 'brms'
    
    Packages suggested but not available for checking:
     'covr', 'devtools', 'rstan'
    
    See section 'The DESCRIPTION file' in the 'Writing R Extensions'
    manual.
Flavor: r-devel-windows-x86_64-gcc10-UCRT