CRAN Package Check Results for Package bayesdistreg

Last updated on 2021-04-15 09:49:52 CEST.

Flavor Version Tinstall Tcheck Ttotal Status Flags
r-devel-linux-x86_64-debian-clang 0.1.0 2.60 38.97 41.57 NOTE
r-devel-linux-x86_64-debian-gcc 0.1.0 1.94 28.50 30.44 NOTE
r-devel-linux-x86_64-fedora-clang 0.1.0 59.57 NOTE
r-devel-linux-x86_64-fedora-gcc 0.1.0 47.94 NOTE
r-devel-windows-ix86+x86_64 0.1.0 6.00 68.00 74.00 NOTE
r-devel-windows-x86_64-gcc10-UCRT 0.1.0 NOTE
r-patched-linux-x86_64 0.1.0 2.72 36.29 39.01 OK
r-patched-solaris-x86 0.1.0 80.50 OK
r-release-linux-x86_64 0.1.0 2.80 36.27 39.07 OK
r-release-macos-x86_64 0.1.0 OK
r-release-windows-ix86+x86_64 0.1.0 4.00 63.00 67.00 OK
r-oldrel-macos-x86_64 0.1.0 OK
r-oldrel-windows-ix86+x86_64 0.1.0 4.00 48.00 52.00 OK

Check Details

Version: 0.1.0
Check: LazyData
Result: NOTE
     'LazyData' is specified without a 'data' directory
Flavors: r-devel-linux-x86_64-debian-clang, r-devel-linux-x86_64-debian-gcc, r-devel-linux-x86_64-fedora-clang, r-devel-linux-x86_64-fedora-gcc, r-devel-windows-ix86+x86_64, r-devel-windows-x86_64-gcc10-UCRT