CRAN Package Check Results for Package bayesdfa

Last updated on 2020-03-30 20:48:21 CEST.

Flavor Version Tinstall Tcheck Ttotal Status Flags
r-devel-linux-x86_64-debian-clang 0.1.3 421.77 251.94 673.71 NOTE
r-devel-linux-x86_64-debian-gcc 0.1.3 383.26 192.96 576.22 NOTE
r-devel-linux-x86_64-fedora-clang 0.1.3 886.03 NOTE
r-devel-linux-x86_64-fedora-gcc 0.1.3 1001.48 NOTE
r-devel-windows-ix86+x86_64 0.1.3 611.00 365.00 976.00 NOTE
r-devel-windows-ix86+x86_64-gcc8 0.1.3 662.00 402.00 1064.00 NOTE
r-patched-linux-x86_64 0.1.3 388.78 248.16 636.94 NOTE
r-patched-solaris-x86 0.1.3 1000.50 NOTE
r-release-linux-x86_64 0.1.3 389.66 231.17 620.83 NOTE
r-release-windows-ix86+x86_64 0.1.3 247.00 7.00 254.00 ERROR
r-release-osx-x86_64 0.1.3 NOTE
r-oldrel-windows-ix86+x86_64 0.1.3 92.00 8.00 100.00 ERROR
r-oldrel-osx-x86_64 0.1.3 NOTE

Check Details

Version: 0.1.3
Check: for GNU extensions in Makefiles
Result: NOTE
    GNU make is a SystemRequirements.
Flavors: r-devel-linux-x86_64-debian-clang, r-devel-linux-x86_64-debian-gcc, r-devel-linux-x86_64-fedora-clang, r-devel-linux-x86_64-fedora-gcc, r-devel-windows-ix86+x86_64, r-devel-windows-ix86+x86_64-gcc8, r-patched-linux-x86_64, r-patched-solaris-x86, r-release-linux-x86_64, r-release-osx-x86_64, r-oldrel-osx-x86_64

Version: 0.1.3
Check: installed package size
Result: NOTE
     installed size is 73.1Mb
     sub-directories of 1Mb or more:
     libs 72.2Mb
Flavors: r-devel-linux-x86_64-fedora-clang, r-devel-windows-ix86+x86_64, r-devel-windows-ix86+x86_64-gcc8, r-patched-solaris-x86, r-release-osx-x86_64, r-oldrel-osx-x86_64

Version: 0.1.3
Check: whether package can be installed
Result: ERROR
    Installation failed.
Flavors: r-release-windows-ix86+x86_64, r-oldrel-windows-ix86+x86_64