CRAN Package Check Results for Package bayesDP

Last updated on 2021-06-20 09:49:41 CEST.

Flavor Version Tinstall Tcheck Ttotal Status Flags
r-devel-linux-x86_64-debian-clang 1.3.4 60.96 155.31 216.27 OK
r-devel-linux-x86_64-debian-gcc 1.3.4 42.61 115.00 157.61 OK
r-devel-linux-x86_64-fedora-clang 1.3.4 285.89 OK
r-devel-linux-x86_64-fedora-gcc 1.3.4 262.30 OK
r-devel-windows-x86_64 1.3.4 76.00 188.00 264.00 OK
r-devel-windows-x86_64-gcc10-UCRT 1.3.4 NOTE
r-patched-linux-x86_64 1.3.4 48.17 144.65 192.82 OK
r-patched-solaris-x86 1.3.4 312.70 OK
r-release-linux-x86_64 1.3.4 52.04 144.79 196.83 OK
r-release-macos-arm64 1.3.4 NOTE
r-release-macos-x86_64 1.3.4 NOTE
r-release-windows-ix86+x86_64 1.3.4 143.00 224.00 367.00 NOTE
r-oldrel-macos-x86_64 1.3.4 NOTE
r-oldrel-windows-ix86+x86_64 1.3.4 107.00 232.00 339.00 NOTE

Check Details

Version: 1.3.4
Check: package dependencies
Result: NOTE
    Package suggested but not available for checking: 'covr'
Flavor: r-devel-windows-x86_64-gcc10-UCRT

Version: 1.3.4
Check: installed package size
Result: NOTE
     installed size is 5.8Mb
     sub-directories of 1Mb or more:
     doc 2.2Mb
     libs 2.9Mb
Flavors: r-release-macos-arm64, r-release-macos-x86_64, r-release-windows-ix86+x86_64, r-oldrel-macos-x86_64, r-oldrel-windows-ix86+x86_64