CRAN Package Check Results for Package batman

Last updated on 2021-06-22 09:51:28 CEST.

Flavor Version Tinstall Tcheck Ttotal Status Flags
r-devel-linux-x86_64-debian-clang 0.1.0 27.45 27.37 54.82 OK
r-devel-linux-x86_64-debian-gcc 0.1.0 15.45 21.93 37.38 OK
r-devel-linux-x86_64-fedora-clang 0.1.0 84.74 NOTE
r-devel-linux-x86_64-fedora-gcc 0.1.0 62.28 NOTE
r-devel-windows-x86_64 0.1.0 30.00 51.00 81.00 OK
r-devel-windows-x86_64-gcc10-UCRT 0.1.0 NOTE
r-patched-linux-x86_64 0.1.0 17.93 26.89 44.82 OK
r-patched-solaris-x86 0.1.0 76.70 NOTE
r-release-linux-x86_64 0.1.0 19.37 26.83 46.20 OK
r-release-macos-arm64 0.1.0 NOTE
r-release-macos-x86_64 0.1.0 NOTE
r-release-windows-ix86+x86_64 0.1.0 58.00 75.00 133.00 OK
r-oldrel-macos-x86_64 0.1.0 NOTE

Check Details

Version: 0.1.0
Check: data for non-ASCII characters
Result: NOTE
     Note: found 19 marked UTF-8 strings
Flavors: r-devel-linux-x86_64-fedora-clang, r-devel-linux-x86_64-fedora-gcc, r-devel-windows-x86_64-gcc10-UCRT, r-patched-solaris-x86, r-release-macos-arm64, r-release-macos-x86_64, r-oldrel-macos-x86_64

Version: 0.1.0
Check: compiled code
Result: NOTE
    File ‘batman/libs/batman.so’:
     Found no calls to: ‘R_registerRoutines’, ‘R_useDynamicSymbols’
    
    It is good practice to register native routines and to disable symbol
    search.
    
    See ‘Writing portable packages’ in the ‘Writing R Extensions’ manual.
Flavors: r-devel-linux-x86_64-fedora-clang, r-devel-linux-x86_64-fedora-gcc