CRAN Package Check Results for Package basicTrendline

Last updated on 2021-06-20 09:49:41 CEST.

Flavor Version Tinstall Tcheck Ttotal Status Flags
r-devel-linux-x86_64-debian-clang 2.0.5 3.95 33.94 37.89 NOTE
r-devel-linux-x86_64-debian-gcc 2.0.5 3.05 26.54 29.59 NOTE
r-devel-linux-x86_64-fedora-clang 2.0.5 57.54 NOTE
r-devel-linux-x86_64-fedora-gcc 2.0.5 44.10 NOTE
r-devel-windows-x86_64 2.0.5 6.00 45.00 51.00 NOTE
r-devel-windows-x86_64-gcc10-UCRT 2.0.5 NOTE
r-patched-linux-x86_64 2.0.5 3.80 32.77 36.57 NOTE
r-patched-solaris-x86 2.0.5 66.50 NOTE
r-release-linux-x86_64 2.0.5 4.17 32.84 37.01 NOTE
r-release-macos-arm64 2.0.5 NOTE
r-release-macos-x86_64 2.0.5 NOTE
r-release-windows-ix86+x86_64 2.0.5 8.00 53.00 61.00 NOTE
r-oldrel-macos-x86_64 2.0.5 OK
r-oldrel-windows-ix86+x86_64 2.0.5 7.00 52.00 59.00 OK

Check Details

Version: 2.0.5
Check: LazyData
Result: NOTE
     'LazyData' is specified without a 'data' directory
Flavors: r-devel-linux-x86_64-debian-clang, r-devel-linux-x86_64-debian-gcc, r-devel-linux-x86_64-fedora-clang, r-devel-linux-x86_64-fedora-gcc, r-devel-windows-x86_64, r-devel-windows-x86_64-gcc10-UCRT, r-patched-linux-x86_64, r-patched-solaris-x86, r-release-linux-x86_64, r-release-macos-arm64, r-release-macos-x86_64, r-release-windows-ix86+x86_64