CRAN Package Check Results for Package basicTrendline

Last updated on 2021-10-27 08:55:57 CEST.

Flavor Version Tinstall Tcheck Ttotal Status Flags
r-devel-linux-x86_64-debian-clang 2.0.5 4.12 32.66 36.78 NOTE
r-devel-linux-x86_64-debian-gcc 2.0.5 2.91 25.66 28.57 NOTE
r-devel-linux-x86_64-fedora-clang 2.0.5 55.09 NOTE
r-devel-linux-x86_64-fedora-gcc 2.0.5 44.39 NOTE
r-devel-windows-x86_64 2.0.5 7.00 42.00 49.00 NOTE
r-devel-windows-x86_64-gcc10-UCRT 2.0.5 NOTE
r-patched-linux-x86_64 2.0.5 4.23 31.54 35.77 NOTE
r-patched-solaris-x86 2.0.5 66.70 NOTE
r-release-linux-x86_64 2.0.5 4.16 31.76 35.92 NOTE
r-release-macos-arm64 2.0.5 NOTE
r-release-macos-x86_64 2.0.5 NOTE
r-release-windows-ix86+x86_64 2.0.5 6.00 54.00 60.00 NOTE
r-oldrel-macos-x86_64 2.0.5 OK
r-oldrel-windows-ix86+x86_64 2.0.5 9.00 50.00 59.00 OK

Check Details

Version: 2.0.5
Check: LazyData
Result: NOTE
     'LazyData' is specified without a 'data' directory
Flavors: r-devel-linux-x86_64-debian-clang, r-devel-linux-x86_64-debian-gcc, r-devel-linux-x86_64-fedora-clang, r-devel-linux-x86_64-fedora-gcc, r-devel-windows-x86_64, r-devel-windows-x86_64-gcc10-UCRT, r-patched-linux-x86_64, r-patched-solaris-x86, r-release-linux-x86_64, r-release-macos-arm64, r-release-macos-x86_64, r-release-windows-ix86+x86_64