CRAN Package Check Results for Package banter

Last updated on 2020-03-30 20:48:21 CEST.

Flavor Version Tinstall Tcheck Ttotal Status Flags
r-devel-linux-x86_64-debian-clang 0.9.3 7.03 51.93 58.96 OK
r-devel-linux-x86_64-debian-gcc 0.9.3 5.62 39.58 45.20 OK
r-devel-linux-x86_64-fedora-clang 0.9.3 69.09 NOTE
r-devel-linux-x86_64-fedora-gcc 0.9.3 70.51 NOTE
r-devel-windows-ix86+x86_64 0.9.3 18.00 64.00 82.00 OK
r-devel-windows-ix86+x86_64-gcc8 0.9.3 19.00 64.00 83.00 OK
r-patched-linux-x86_64 0.9.3 5.38 49.20 54.58 OK
r-patched-solaris-x86 0.9.3 104.10 NOTE
r-release-linux-x86_64 0.9.3 5.04 46.07 51.11 OK
r-release-windows-ix86+x86_64 0.9.3 11.00 98.00 109.00 OK
r-release-osx-x86_64 0.9.3 NOTE
r-oldrel-windows-ix86+x86_64 0.9.3 13.00 85.00 98.00 OK
r-oldrel-osx-x86_64 0.9.3 NOTE

Check Details

Version: 0.9.3
Check: dependencies in R code
Result: NOTE
    Namespace in Imports field not imported from: ‘ranger’
     All declared Imports should be used.
Flavors: r-devel-linux-x86_64-fedora-clang, r-devel-linux-x86_64-fedora-gcc, r-patched-solaris-x86, r-release-osx-x86_64, r-oldrel-osx-x86_64